{"id":117,"date":"2017-03-10T00:08:24","date_gmt":"2017-03-10T00:08:24","guid":{"rendered":"http:\/\/noblleconsultoria.com.br\/?page_id=117"},"modified":"2017-03-27T13:31:29","modified_gmt":"2017-03-27T13:31:29","slug":"conpresp","status":"publish","type":"page","link":"https:\/\/noblleconsultoria.com.br\/index.php\/conpresp\/","title":{"rendered":"Conpresp"},"content":{"rendered":"<p><strong><span style=\"color: #000000;\"><img decoding=\"async\" loading=\"lazy\" class=\"wp-image-276 aligncenter\" src=\"http:\/\/noblleconsultoria.com.br\/wp-content\/uploads\/2017\/03\/CONPRESP_900x326.jpg\" alt=\"\" width=\"610\" height=\"221\" srcset=\"https:\/\/noblleconsultoria.com.br\/wp-content\/uploads\/2017\/03\/CONPRESP_900x326.jpg 900w, https:\/\/noblleconsultoria.com.br\/wp-content\/uploads\/2017\/03\/CONPRESP_900x326-300x109.jpg 300w, https:\/\/noblleconsultoria.com.br\/wp-content\/uploads\/2017\/03\/CONPRESP_900x326-768x278.jpg 768w\" sizes=\"(max-width: 610px) 100vw, 610px\" \/>A Noblle aprova o seu projeto no CONPRESP, atendemos em toda cidade de S\u00e3o Paulo.<\/span><\/strong><\/p>\n<p><span style=\"color: #000000;\">\u00b7\u00a0\u00a0\u00a0\u00a0\u00a0\u00a0\u00a0 O \u00f3rg\u00e3o respons\u00e1vel pela preserva\u00e7\u00e3o dos bens culturais paulistanos,<\/span><br \/>\n<span style=\"color: #000000;\">No \u00e2mbito municipal \u00e9 o CONPRESP (Conselho Municipal de Preserva\u00e7\u00e3o do Patrim\u00f4nio Hist\u00f3rico, Cultural e Ambiental da Cidade de S\u00e3o Paulo) que tem por atribui\u00e7\u00e3o deliberar sobre os pedidos de tombamentos de bens culturais. Tamb\u00e9m o DPH (Departamento do Patrim\u00f4nio Hist\u00f3rico) tem essa atribui\u00e7\u00e3o na medida em que, al\u00e9m de ser o \u00f3rg\u00e3o t\u00e9cnico de apoio do CONPRESP, mant\u00e9m sob sua responsabilidade a salvaguarda de diversos acervos, como edif\u00edcios, documentos, fotografias, mobili\u00e1rio, obras de arte, etc.<\/span><\/p>\n<p><span style=\"color: #000000;\">\u00a0<\/span><br \/>\n<span style=\"color: #000000;\">\u00b7\u00a0\u00a0\u00a0\u00a0\u00a0\u00a0\u00a0\u00a0 \u00c1rea ou espa\u00e7o envolt\u00f3rio de um bem tombado<\/span><br \/>\n<span style=\"color: #000000;\">Na resolu\u00e7\u00e3o final de tombamento, o CONPRESP tamb\u00e9m aprova um per\u00edmetro em torno do bem tombado, delimitado para propiciar a prote\u00e7\u00e3o de sua ambi\u00eancia. No caso do CONPRESP, essa \u00e1rea, denominada de espa\u00e7o envolt\u00f3rio ou \u00e1rea envolt\u00f3ria, \u00e9 definida caso a caso; em algumas situa\u00e7\u00f5es, pode se limitar ao pr\u00f3prio lote do edif\u00edcio tombado. <\/span><br \/>\n<span style=\"color: #000000;\">Toda e qualquer interven\u00e7\u00e3o que venha a ser feita dentro desse per\u00edmetro, como novas constru\u00e7\u00f5es, reformas, demoli\u00e7\u00f5es, instala\u00e7\u00e3o de an\u00fancios, coloca\u00e7\u00e3o de mobili\u00e1rio urbano, dentre outras, dever\u00e1 ser previamente aprovada.<\/span><br \/>\n<span style=\"color: #000000;\">\u00a0<\/span><br \/>\n<strong><span style=\"color: #000000;\">\u00b7\u00a0\u00a0\u00a0\u00a0\u00a0<\/span><\/strong>\u00a0\u00a0\u00a0 Um edif\u00edcio pode ser\u00a0 tombado tanto pelo CONPRESP como pelo CONDEPHAAT, ou pelo IPHAN.<\/p>\n<p><span style=\"color: #000000;\">\u00b7\u00a0\u00a0\u00a0\u00a0\u00a0\u00a0\u00a0\u00a0 De acordo com a Constitui\u00e7\u00e3o Brasileira cabe concorrentemente \u00e0s tr\u00eas esferas do governo a prote\u00e7\u00e3o dos bens culturais. Assim, de acordo com a import\u00e2ncia e representatividade de um bem, este pode ser tombado:<\/span><\/p>\n<p><span style=\"color: #000000;\">\u00a0<\/span><br \/>\n<span style=\"color: #000000;\">federal &#8211; IPHAN (Instituto do Patrim\u00f4nio Hist\u00f3rico e Art\u00edstico Nacional),<\/span><\/p>\n<p><span style=\"color: #000000;\">estadual &#8211; CONDEPHAAT (Conselho de Defesa do Patrim\u00f4nio Hist\u00f3rico, Art\u00edstico, Arqueol\u00f3gico e Tur\u00edstico do Estado de S\u00e3o Paulo)<\/span><\/p>\n<p><span style=\"color: #000000;\">municipal &#8211; CONPRESP. <\/span><\/p>\n<p><span style=\"color: #000000;\">\u00b7\u00a0\u00a0\u00a0\u00a0\u00a0\u00a0\u00a0\u00a0 n\u00edveis de preserva\u00e7\u00e3o para bens arquitet\u00f4nicos : parcial ou integral, internamente ou externamente, exemplo, somente suas fachadas e cobertura. <\/span><\/p>\n<p><span style=\"color: #000000;\">\u00b7\u00a0\u00a0\u00a0\u00a0\u00a0\u00a0\u00a0\u00a0 volumetria, qual seja, implanta\u00e7\u00e3o e gabarito de altura. Por exemplo, no caso do tombamento dos bairros projetados pela Cia. City (como o Pacaemb\u00fa), o tombamento foi aplicado nas \u00e1reas verdes e perme\u00e1veis, na vegeta\u00e7\u00e3o de porte arb\u00f3reo e na densidade constru\u00edda das edifica\u00e7\u00f5es. Portanto, alguns edif\u00edcios podem at\u00e9 ser demolidos, mas a nova constru\u00e7\u00e3o dever\u00e1 respeitar o padr\u00e3o urban\u00edstico estabelecido na resolu\u00e7\u00e3o de tombamento.<\/span><\/p>\n","protected":false},"excerpt":{"rendered":"<p>A Noblle aprova o seu projeto no CONPRESP, atendemos em toda cidade de S\u00e3o Paulo. \u00b7\u00a0\u00a0\u00a0\u00a0\u00a0\u00a0\u00a0 O \u00f3rg\u00e3o respons\u00e1vel pela preserva\u00e7\u00e3o dos bens culturais paulistanos, No \u00e2mbito municipal \u00e9 o CONPRESP (Conselho Municipal de Preserva\u00e7\u00e3o do Patrim\u00f4nio Hist\u00f3rico, Cultural e Ambiental da Cidade de S\u00e3o Paulo) que tem por atribui\u00e7\u00e3o deliberar sobre os pedidos de<\/p>\n","protected":false},"author":1,"featured_media":0,"parent":0,"menu_order":0,"comment_status":"closed","ping_status":"closed","template":"","meta":[],"yoast_head":"<!-- This site is optimized with the Yoast SEO plugin v19.11 - https:\/\/yoast.com\/wordpress\/plugins\/seo\/ -->\n<title>Conpresp - Noblle consultoria<\/title>\n<meta name=\"robots\" content=\"index, follow, max-snippet:-1, max-image-preview:large, max-video-preview:-1\" \/>\n<link rel=\"canonical\" href=\"http:\/\/noblleconsultoria.com.br\/index.php\/conpresp\/\" \/>\n<meta property=\"og:locale\" content=\"pt_BR\" \/>\n<meta property=\"og:type\" content=\"article\" \/>\n<meta property=\"og:title\" content=\"Conpresp - Noblle consultoria\" \/>\n<meta property=\"og:description\" content=\"A Noblle aprova o seu projeto no CONPRESP, atendemos em toda cidade de S\u00e3o Paulo. \u00b7\u00a0\u00a0\u00a0\u00a0\u00a0\u00a0\u00a0 O \u00f3rg\u00e3o respons\u00e1vel pela preserva\u00e7\u00e3o dos bens culturais paulistanos, No \u00e2mbito municipal \u00e9 o CONPRESP (Conselho Municipal de Preserva\u00e7\u00e3o do Patrim\u00f4nio Hist\u00f3rico, Cultural e Ambiental da Cidade de S\u00e3o Paulo) que tem por atribui\u00e7\u00e3o deliberar sobre os pedidos de\" \/>\n<meta property=\"og:url\" content=\"http:\/\/noblleconsultoria.com.br\/index.php\/conpresp\/\" \/>\n<meta property=\"og:site_name\" content=\"Noblle consultoria\" \/>\n<meta property=\"article:modified_time\" content=\"2017-03-27T13:31:29+00:00\" \/>\n<meta property=\"og:image\" content=\"http:\/\/noblleconsultoria.com.br\/wp-content\/uploads\/2017\/03\/CONPRESP_900x326.jpg\" \/>\n<meta name=\"twitter:card\" content=\"summary_large_image\" \/>\n<meta name=\"twitter:label1\" content=\"Est. tempo de leitura\" \/>\n\t<meta name=\"twitter:data1\" content=\"2 minutos\" \/>\n<script type=\"application\/ld+json\" class=\"yoast-schema-graph\">{\"@context\":\"https:\/\/schema.org\",\"@graph\":[{\"@type\":\"WebPage\",\"@id\":\"http:\/\/noblleconsultoria.com.br\/index.php\/conpresp\/\",\"url\":\"http:\/\/noblleconsultoria.com.br\/index.php\/conpresp\/\",\"name\":\"Conpresp - Noblle consultoria\",\"isPartOf\":{\"@id\":\"https:\/\/noblleconsultoria.com.br\/#website\"},\"datePublished\":\"2017-03-10T00:08:24+00:00\",\"dateModified\":\"2017-03-27T13:31:29+00:00\",\"breadcrumb\":{\"@id\":\"http:\/\/noblleconsultoria.com.br\/index.php\/conpresp\/#breadcrumb\"},\"inLanguage\":\"pt-BR\",\"potentialAction\":[{\"@type\":\"ReadAction\",\"target\":[\"http:\/\/noblleconsultoria.com.br\/index.php\/conpresp\/\"]}]},{\"@type\":\"BreadcrumbList\",\"@id\":\"http:\/\/noblleconsultoria.com.br\/index.php\/conpresp\/#breadcrumb\",\"itemListElement\":[{\"@type\":\"ListItem\",\"position\":1,\"name\":\"In\u00edcio\",\"item\":\"https:\/\/noblleconsultoria.com.br\/\"},{\"@type\":\"ListItem\",\"position\":2,\"name\":\"Conpresp\"}]},{\"@type\":\"WebSite\",\"@id\":\"https:\/\/noblleconsultoria.com.br\/#website\",\"url\":\"https:\/\/noblleconsultoria.com.br\/\",\"name\":\"Noblle consultoria\",\"description\":\"Regulariza\u00e7\u00e3o de im\u00f3vel\",\"publisher\":{\"@id\":\"https:\/\/noblleconsultoria.com.br\/#organization\"},\"potentialAction\":[{\"@type\":\"SearchAction\",\"target\":{\"@type\":\"EntryPoint\",\"urlTemplate\":\"https:\/\/noblleconsultoria.com.br\/?s={search_term_string}\"},\"query-input\":\"required name=search_term_string\"}],\"inLanguage\":\"pt-BR\"},{\"@type\":\"Organization\",\"@id\":\"https:\/\/noblleconsultoria.com.br\/#organization\",\"name\":\"Noblle consultoria\",\"url\":\"https:\/\/noblleconsultoria.com.br\/\",\"logo\":{\"@type\":\"ImageObject\",\"inLanguage\":\"pt-BR\",\"@id\":\"https:\/\/noblleconsultoria.com.br\/#\/schema\/logo\/image\/\",\"url\":\"https:\/\/noblleconsultoria.com.br\/wp-content\/uploads\/2017\/02\/noblle-consultoria.jpg\",\"contentUrl\":\"https:\/\/noblleconsultoria.com.br\/wp-content\/uploads\/2017\/02\/noblle-consultoria.jpg\",\"width\":215,\"height\":121,\"caption\":\"Noblle consultoria\"},\"image\":{\"@id\":\"https:\/\/noblleconsultoria.com.br\/#\/schema\/logo\/image\/\"}}]}<\/script>\n<!-- \/ Yoast SEO plugin. -->","yoast_head_json":{"title":"Conpresp - Noblle consultoria","robots":{"index":"index","follow":"follow","max-snippet":"max-snippet:-1","max-image-preview":"max-image-preview:large","max-video-preview":"max-video-preview:-1"},"canonical":"http:\/\/noblleconsultoria.com.br\/index.php\/conpresp\/","og_locale":"pt_BR","og_type":"article","og_title":"Conpresp - Noblle consultoria","og_description":"A Noblle aprova o seu projeto no CONPRESP, atendemos em toda cidade de S\u00e3o Paulo. \u00b7\u00a0\u00a0\u00a0\u00a0\u00a0\u00a0\u00a0 O \u00f3rg\u00e3o respons\u00e1vel pela preserva\u00e7\u00e3o dos bens culturais paulistanos, No \u00e2mbito municipal \u00e9 o CONPRESP (Conselho Municipal de Preserva\u00e7\u00e3o do Patrim\u00f4nio Hist\u00f3rico, Cultural e Ambiental da Cidade de S\u00e3o Paulo) que tem por atribui\u00e7\u00e3o deliberar sobre os pedidos de","og_url":"http:\/\/noblleconsultoria.com.br\/index.php\/conpresp\/","og_site_name":"Noblle consultoria","article_modified_time":"2017-03-27T13:31:29+00:00","og_image":[{"url":"http:\/\/noblleconsultoria.com.br\/wp-content\/uploads\/2017\/03\/CONPRESP_900x326.jpg"}],"twitter_card":"summary_large_image","twitter_misc":{"Est. tempo de leitura":"2 minutos"},"schema":{"@context":"https:\/\/schema.org","@graph":[{"@type":"WebPage","@id":"http:\/\/noblleconsultoria.com.br\/index.php\/conpresp\/","url":"http:\/\/noblleconsultoria.com.br\/index.php\/conpresp\/","name":"Conpresp - Noblle consultoria","isPartOf":{"@id":"https:\/\/noblleconsultoria.com.br\/#website"},"datePublished":"2017-03-10T00:08:24+00:00","dateModified":"2017-03-27T13:31:29+00:00","breadcrumb":{"@id":"http:\/\/noblleconsultoria.com.br\/index.php\/conpresp\/#breadcrumb"},"inLanguage":"pt-BR","potentialAction":[{"@type":"ReadAction","target":["http:\/\/noblleconsultoria.com.br\/index.php\/conpresp\/"]}]},{"@type":"BreadcrumbList","@id":"http:\/\/noblleconsultoria.com.br\/index.php\/conpresp\/#breadcrumb","itemListElement":[{"@type":"ListItem","position":1,"name":"In\u00edcio","item":"https:\/\/noblleconsultoria.com.br\/"},{"@type":"ListItem","position":2,"name":"Conpresp"}]},{"@type":"WebSite","@id":"https:\/\/noblleconsultoria.com.br\/#website","url":"https:\/\/noblleconsultoria.com.br\/","name":"Noblle consultoria","description":"Regulariza\u00e7\u00e3o de im\u00f3vel","publisher":{"@id":"https:\/\/noblleconsultoria.com.br\/#organization"},"potentialAction":[{"@type":"SearchAction","target":{"@type":"EntryPoint","urlTemplate":"https:\/\/noblleconsultoria.com.br\/?s={search_term_string}"},"query-input":"required name=search_term_string"}],"inLanguage":"pt-BR"},{"@type":"Organization","@id":"https:\/\/noblleconsultoria.com.br\/#organization","name":"Noblle consultoria","url":"https:\/\/noblleconsultoria.com.br\/","logo":{"@type":"ImageObject","inLanguage":"pt-BR","@id":"https:\/\/noblleconsultoria.com.br\/#\/schema\/logo\/image\/","url":"https:\/\/noblleconsultoria.com.br\/wp-content\/uploads\/2017\/02\/noblle-consultoria.jpg","contentUrl":"https:\/\/noblleconsultoria.com.br\/wp-content\/uploads\/2017\/02\/noblle-consultoria.jpg","width":215,"height":121,"caption":"Noblle consultoria"},"image":{"@id":"https:\/\/noblleconsultoria.com.br\/#\/schema\/logo\/image\/"}}]}},"_links":{"self":[{"href":"https:\/\/noblleconsultoria.com.br\/index.php\/wp-json\/wp\/v2\/pages\/117"}],"collection":[{"href":"https:\/\/noblleconsultoria.com.br\/index.php\/wp-json\/wp\/v2\/pages"}],"about":[{"href":"https:\/\/noblleconsultoria.com.br\/index.php\/wp-json\/wp\/v2\/types\/page"}],"author":[{"embeddable":true,"href":"https:\/\/noblleconsultoria.com.br\/index.php\/wp-json\/wp\/v2\/users\/1"}],"replies":[{"embeddable":true,"href":"https:\/\/noblleconsultoria.com.br\/index.php\/wp-json\/wp\/v2\/comments?post=117"}],"version-history":[{"count":16,"href":"https:\/\/noblleconsultoria.com.br\/index.php\/wp-json\/wp\/v2\/pages\/117\/revisions"}],"predecessor-version":[{"id":277,"href":"https:\/\/noblleconsultoria.com.br\/index.php\/wp-json\/wp\/v2\/pages\/117\/revisions\/277"}],"wp:attachment":[{"href":"https:\/\/noblleconsultoria.com.br\/index.php\/wp-json\/wp\/v2\/media?parent=117"}],"curies":[{"name":"wp","href":"https:\/\/api.w.org\/{rel}","templated":true}]}}