{"id":204,"date":"2017-03-20T23:58:03","date_gmt":"2017-03-20T23:58:03","guid":{"rendered":"http:\/\/noblleconsultoria.com.br\/?page_id=204"},"modified":"2017-03-20T23:59:18","modified_gmt":"2017-03-20T23:59:18","slug":"contratos","status":"publish","type":"page","link":"https:\/\/noblleconsultoria.com.br\/index.php\/contratos\/","title":{"rendered":"Contratos"},"content":{"rendered":"<p><img decoding=\"async\" loading=\"lazy\" class=\"size-full wp-image-205 aligncenter\" src=\"http:\/\/noblleconsultoria.com.br\/wp-content\/uploads\/2017\/03\/Contratos.jpg\" alt=\"\" width=\"813\" height=\"302\" srcset=\"https:\/\/noblleconsultoria.com.br\/wp-content\/uploads\/2017\/03\/Contratos.jpg 813w, https:\/\/noblleconsultoria.com.br\/wp-content\/uploads\/2017\/03\/Contratos-300x111.jpg 300w, https:\/\/noblleconsultoria.com.br\/wp-content\/uploads\/2017\/03\/Contratos-768x285.jpg 768w\" sizes=\"(max-width: 813px) 100vw, 813px\" \/><\/p>\n<p>&nbsp;<\/p>\n<p><span style=\"font-family: verdana,geneva; font-size: medium; color: #000000;\"><b>Contratos \u2013 <\/b>Fazemos a <b>elabora\u00e7\u00e3o e an\u00e1lise de contratos, atend<\/b><b>emos zona sul de S\u00e3o Paulo, demais regi\u00f5es \u00a0e interior.<\/b><\/span><\/p>\n<p><span style=\"font-family: verdana,geneva; font-size: medium; color: #000000;\">Contrato \u00e9 um acordo, conven\u00e7\u00e3o, trato em que duas ou mais pessoas assumem certos compromissos ou obriga\u00e7\u00f5es, ou asseguram entre si algum direito. <\/span><\/p>\n<p><span style=\"font-family: verdana,geneva; font-size: medium; color: #000000;\">Subdivididos em:<\/span><\/p>\n<p><span style=\"font-family: verdana,geneva; font-size: medium; color: #000000;\"><b>. <\/b>Contrato acess\u00f3rio, o que pressup\u00f5e a exist\u00eancia de outro.<\/span><\/p>\n<p><span style=\"font-family: verdana,geneva; font-size: medium; color: #000000;\">. Contrato aleat\u00f3rio &#8211; aquele em que pelo menos uma das obriga\u00e7\u00f5es previstas \u00e9 incerta por depender de fato futuro. <\/span><\/p>\n<p><span style=\"font-family: verdana,geneva; font-size: medium; color: #000000;\"><b>. <\/b>Contrato bilateral &#8211; \u00a0aquele em que as partes estabelecem obriga\u00e7\u00f5es rec\u00edprocas.<\/span><\/p>\n<p><span style=\"font-family: verdana,geneva; font-size: medium; color: #000000;\"><b>.<\/b> Contrato formal &#8211; \u00a0aquele para cuja validade a lei estabelece determinada forma ou solenidade (contrato solene). <\/span><\/p>\n<p><span style=\"font-family: verdana,geneva; font-size: medium; color: #000000;\"><b>. <\/b>Contrato real &#8211; \u00a0diz-se do que tem por objeto bens im\u00f3veis ou direitos reais de garantia (hipoteca, penhor).<\/span><\/p>\n<p><span style=\"font-family: verdana,geneva; font-size: medium; color: #000000;\"><b>. <\/b>Contrato unilateral &#8211; aquele em que s\u00f3 uma das partes se obriga para com a outra.<\/span><\/p>\n","protected":false},"excerpt":{"rendered":"<p>&nbsp; Contratos \u2013 Fazemos a elabora\u00e7\u00e3o e an\u00e1lise de contratos, atendemos zona sul de S\u00e3o Paulo, demais regi\u00f5es \u00a0e interior. Contrato \u00e9 um acordo, conven\u00e7\u00e3o, trato em que duas ou mais pessoas assumem certos compromissos ou obriga\u00e7\u00f5es, ou asseguram entre si algum direito. Subdivididos em: . Contrato acess\u00f3rio, o que pressup\u00f5e a exist\u00eancia de outro.<\/p>\n","protected":false},"author":1,"featured_media":0,"parent":0,"menu_order":0,"comment_status":"closed","ping_status":"closed","template":"","meta":[],"yoast_head":"<!-- This site is optimized with the Yoast SEO plugin v19.11 - https:\/\/yoast.com\/wordpress\/plugins\/seo\/ -->\n<title>Contratos - Noblle consultoria<\/title>\n<meta name=\"robots\" content=\"index, follow, max-snippet:-1, max-image-preview:large, max-video-preview:-1\" \/>\n<link rel=\"canonical\" href=\"http:\/\/noblleconsultoria.com.br\/index.php\/contratos\/\" \/>\n<meta property=\"og:locale\" content=\"pt_BR\" \/>\n<meta property=\"og:type\" content=\"article\" \/>\n<meta property=\"og:title\" content=\"Contratos - Noblle consultoria\" \/>\n<meta property=\"og:description\" content=\"&nbsp; Contratos \u2013 Fazemos a elabora\u00e7\u00e3o e an\u00e1lise de contratos, atendemos zona sul de S\u00e3o Paulo, demais regi\u00f5es \u00a0e interior. Contrato \u00e9 um acordo, conven\u00e7\u00e3o, trato em que duas ou mais pessoas assumem certos compromissos ou obriga\u00e7\u00f5es, ou asseguram entre si algum direito. Subdivididos em: . Contrato acess\u00f3rio, o que pressup\u00f5e a exist\u00eancia de outro.\" \/>\n<meta property=\"og:url\" content=\"http:\/\/noblleconsultoria.com.br\/index.php\/contratos\/\" \/>\n<meta property=\"og:site_name\" content=\"Noblle consultoria\" \/>\n<meta property=\"article:modified_time\" content=\"2017-03-20T23:59:18+00:00\" \/>\n<meta property=\"og:image\" content=\"http:\/\/noblleconsultoria.com.br\/wp-content\/uploads\/2017\/03\/Contratos.jpg\" \/>\n<meta name=\"twitter:card\" content=\"summary_large_image\" \/>\n<meta name=\"twitter:label1\" content=\"Est. tempo de leitura\" \/>\n\t<meta name=\"twitter:data1\" content=\"1 minuto\" \/>\n<script type=\"application\/ld+json\" class=\"yoast-schema-graph\">{\"@context\":\"https:\/\/schema.org\",\"@graph\":[{\"@type\":\"WebPage\",\"@id\":\"http:\/\/noblleconsultoria.com.br\/index.php\/contratos\/\",\"url\":\"http:\/\/noblleconsultoria.com.br\/index.php\/contratos\/\",\"name\":\"Contratos - Noblle consultoria\",\"isPartOf\":{\"@id\":\"https:\/\/noblleconsultoria.com.br\/#website\"},\"datePublished\":\"2017-03-20T23:58:03+00:00\",\"dateModified\":\"2017-03-20T23:59:18+00:00\",\"breadcrumb\":{\"@id\":\"http:\/\/noblleconsultoria.com.br\/index.php\/contratos\/#breadcrumb\"},\"inLanguage\":\"pt-BR\",\"potentialAction\":[{\"@type\":\"ReadAction\",\"target\":[\"http:\/\/noblleconsultoria.com.br\/index.php\/contratos\/\"]}]},{\"@type\":\"BreadcrumbList\",\"@id\":\"http:\/\/noblleconsultoria.com.br\/index.php\/contratos\/#breadcrumb\",\"itemListElement\":[{\"@type\":\"ListItem\",\"position\":1,\"name\":\"In\u00edcio\",\"item\":\"https:\/\/noblleconsultoria.com.br\/\"},{\"@type\":\"ListItem\",\"position\":2,\"name\":\"Contratos\"}]},{\"@type\":\"WebSite\",\"@id\":\"https:\/\/noblleconsultoria.com.br\/#website\",\"url\":\"https:\/\/noblleconsultoria.com.br\/\",\"name\":\"Noblle consultoria\",\"description\":\"Regulariza\u00e7\u00e3o de im\u00f3vel\",\"publisher\":{\"@id\":\"https:\/\/noblleconsultoria.com.br\/#organization\"},\"potentialAction\":[{\"@type\":\"SearchAction\",\"target\":{\"@type\":\"EntryPoint\",\"urlTemplate\":\"https:\/\/noblleconsultoria.com.br\/?s={search_term_string}\"},\"query-input\":\"required name=search_term_string\"}],\"inLanguage\":\"pt-BR\"},{\"@type\":\"Organization\",\"@id\":\"https:\/\/noblleconsultoria.com.br\/#organization\",\"name\":\"Noblle consultoria\",\"url\":\"https:\/\/noblleconsultoria.com.br\/\",\"logo\":{\"@type\":\"ImageObject\",\"inLanguage\":\"pt-BR\",\"@id\":\"https:\/\/noblleconsultoria.com.br\/#\/schema\/logo\/image\/\",\"url\":\"https:\/\/noblleconsultoria.com.br\/wp-content\/uploads\/2017\/02\/noblle-consultoria.jpg\",\"contentUrl\":\"https:\/\/noblleconsultoria.com.br\/wp-content\/uploads\/2017\/02\/noblle-consultoria.jpg\",\"width\":215,\"height\":121,\"caption\":\"Noblle consultoria\"},\"image\":{\"@id\":\"https:\/\/noblleconsultoria.com.br\/#\/schema\/logo\/image\/\"}}]}<\/script>\n<!-- \/ Yoast SEO plugin. -->","yoast_head_json":{"title":"Contratos - Noblle consultoria","robots":{"index":"index","follow":"follow","max-snippet":"max-snippet:-1","max-image-preview":"max-image-preview:large","max-video-preview":"max-video-preview:-1"},"canonical":"http:\/\/noblleconsultoria.com.br\/index.php\/contratos\/","og_locale":"pt_BR","og_type":"article","og_title":"Contratos - Noblle consultoria","og_description":"&nbsp; Contratos \u2013 Fazemos a elabora\u00e7\u00e3o e an\u00e1lise de contratos, atendemos zona sul de S\u00e3o Paulo, demais regi\u00f5es \u00a0e interior. Contrato \u00e9 um acordo, conven\u00e7\u00e3o, trato em que duas ou mais pessoas assumem certos compromissos ou obriga\u00e7\u00f5es, ou asseguram entre si algum direito. Subdivididos em: . Contrato acess\u00f3rio, o que pressup\u00f5e a exist\u00eancia de outro.","og_url":"http:\/\/noblleconsultoria.com.br\/index.php\/contratos\/","og_site_name":"Noblle consultoria","article_modified_time":"2017-03-20T23:59:18+00:00","og_image":[{"url":"http:\/\/noblleconsultoria.com.br\/wp-content\/uploads\/2017\/03\/Contratos.jpg"}],"twitter_card":"summary_large_image","twitter_misc":{"Est. tempo de leitura":"1 minuto"},"schema":{"@context":"https:\/\/schema.org","@graph":[{"@type":"WebPage","@id":"http:\/\/noblleconsultoria.com.br\/index.php\/contratos\/","url":"http:\/\/noblleconsultoria.com.br\/index.php\/contratos\/","name":"Contratos - Noblle consultoria","isPartOf":{"@id":"https:\/\/noblleconsultoria.com.br\/#website"},"datePublished":"2017-03-20T23:58:03+00:00","dateModified":"2017-03-20T23:59:18+00:00","breadcrumb":{"@id":"http:\/\/noblleconsultoria.com.br\/index.php\/contratos\/#breadcrumb"},"inLanguage":"pt-BR","potentialAction":[{"@type":"ReadAction","target":["http:\/\/noblleconsultoria.com.br\/index.php\/contratos\/"]}]},{"@type":"BreadcrumbList","@id":"http:\/\/noblleconsultoria.com.br\/index.php\/contratos\/#breadcrumb","itemListElement":[{"@type":"ListItem","position":1,"name":"In\u00edcio","item":"https:\/\/noblleconsultoria.com.br\/"},{"@type":"ListItem","position":2,"name":"Contratos"}]},{"@type":"WebSite","@id":"https:\/\/noblleconsultoria.com.br\/#website","url":"https:\/\/noblleconsultoria.com.br\/","name":"Noblle consultoria","description":"Regulariza\u00e7\u00e3o de im\u00f3vel","publisher":{"@id":"https:\/\/noblleconsultoria.com.br\/#organization"},"potentialAction":[{"@type":"SearchAction","target":{"@type":"EntryPoint","urlTemplate":"https:\/\/noblleconsultoria.com.br\/?s={search_term_string}"},"query-input":"required name=search_term_string"}],"inLanguage":"pt-BR"},{"@type":"Organization","@id":"https:\/\/noblleconsultoria.com.br\/#organization","name":"Noblle consultoria","url":"https:\/\/noblleconsultoria.com.br\/","logo":{"@type":"ImageObject","inLanguage":"pt-BR","@id":"https:\/\/noblleconsultoria.com.br\/#\/schema\/logo\/image\/","url":"https:\/\/noblleconsultoria.com.br\/wp-content\/uploads\/2017\/02\/noblle-consultoria.jpg","contentUrl":"https:\/\/noblleconsultoria.com.br\/wp-content\/uploads\/2017\/02\/noblle-consultoria.jpg","width":215,"height":121,"caption":"Noblle consultoria"},"image":{"@id":"https:\/\/noblleconsultoria.com.br\/#\/schema\/logo\/image\/"}}]}},"_links":{"self":[{"href":"https:\/\/noblleconsultoria.com.br\/index.php\/wp-json\/wp\/v2\/pages\/204"}],"collection":[{"href":"https:\/\/noblleconsultoria.com.br\/index.php\/wp-json\/wp\/v2\/pages"}],"about":[{"href":"https:\/\/noblleconsultoria.com.br\/index.php\/wp-json\/wp\/v2\/types\/page"}],"author":[{"embeddable":true,"href":"https:\/\/noblleconsultoria.com.br\/index.php\/wp-json\/wp\/v2\/users\/1"}],"replies":[{"embeddable":true,"href":"https:\/\/noblleconsultoria.com.br\/index.php\/wp-json\/wp\/v2\/comments?post=204"}],"version-history":[{"count":1,"href":"https:\/\/noblleconsultoria.com.br\/index.php\/wp-json\/wp\/v2\/pages\/204\/revisions"}],"predecessor-version":[{"id":207,"href":"https:\/\/noblleconsultoria.com.br\/index.php\/wp-json\/wp\/v2\/pages\/204\/revisions\/207"}],"wp:attachment":[{"href":"https:\/\/noblleconsultoria.com.br\/index.php\/wp-json\/wp\/v2\/media?parent=204"}],"curies":[{"name":"wp","href":"https:\/\/api.w.org\/{rel}","templated":true}]}}