{"id":208,"date":"2017-03-21T00:02:16","date_gmt":"2017-03-21T00:02:16","guid":{"rendered":"http:\/\/noblleconsultoria.com.br\/?page_id=208"},"modified":"2017-03-21T00:02:16","modified_gmt":"2017-03-21T00:02:16","slug":"retificacao-de-area","status":"publish","type":"page","link":"https:\/\/noblleconsultoria.com.br\/index.php\/retificacao-de-area\/","title":{"rendered":"Retifica\u00e7\u00e3o de \u00e1rea"},"content":{"rendered":"<p><img decoding=\"async\" loading=\"lazy\" class=\"wp-image-209 aligncenter\" src=\"http:\/\/noblleconsultoria.com.br\/wp-content\/uploads\/2017\/03\/Retificacao_de_Area.jpg\" alt=\"\" width=\"339\" height=\"268\" srcset=\"https:\/\/noblleconsultoria.com.br\/wp-content\/uploads\/2017\/03\/Retificacao_de_Area.jpg 921w, https:\/\/noblleconsultoria.com.br\/wp-content\/uploads\/2017\/03\/Retificacao_de_Area-300x237.jpg 300w, https:\/\/noblleconsultoria.com.br\/wp-content\/uploads\/2017\/03\/Retificacao_de_Area-768x608.jpg 768w\" sizes=\"(max-width: 339px) 100vw, 339px\" \/><\/p>\n<p><span style=\"font-family: verdana,geneva; font-size: medium; color: #000000;\">retifica\u00e7\u00e3o de \u00e1rea<b> &#8211; <\/b>\u00a0Fazemos a <b>retifica\u00e7\u00e3o de \u00e1rea em toda zona sul de S\u00e3o Paulo e demais regi\u00f5es da capital e interior<\/b>, trata-se de um procedimento que permite a corre\u00e7\u00e3o do registro ou averba\u00e7\u00e3o quando os dados se mostrarem omissos, imprecisos ou n\u00e3o exprimirem a verdade, \u00e9 feita junto ao Registro de Im\u00f3veis ao qual pertence a regi\u00e3o. <\/span><\/p>\n<p><span style=\"font-family: verdana,geneva; font-size: medium; color: #000000;\">At\u00e9 algum tempo atr\u00e1s, isto somente poderia ser requerido pelo interessado por meio de procedimento judicial, ou seja, abrindo um processo na justi\u00e7a Civel.<\/span><\/p>\n","protected":false},"excerpt":{"rendered":"<p>retifica\u00e7\u00e3o de \u00e1rea &#8211; \u00a0Fazemos a retifica\u00e7\u00e3o de \u00e1rea em toda zona sul de S\u00e3o Paulo e demais regi\u00f5es da capital e interior, trata-se de um procedimento que permite a corre\u00e7\u00e3o do registro ou averba\u00e7\u00e3o quando os dados se mostrarem omissos, imprecisos ou n\u00e3o exprimirem a verdade, \u00e9 feita junto ao Registro de Im\u00f3veis ao<\/p>\n","protected":false},"author":1,"featured_media":0,"parent":0,"menu_order":0,"comment_status":"closed","ping_status":"closed","template":"","meta":[],"yoast_head":"<!-- This site is optimized with the Yoast SEO plugin v19.11 - https:\/\/yoast.com\/wordpress\/plugins\/seo\/ -->\n<title>Retifica\u00e7\u00e3o de \u00e1rea - Noblle consultoria<\/title>\n<meta name=\"robots\" content=\"index, follow, max-snippet:-1, max-image-preview:large, max-video-preview:-1\" \/>\n<link rel=\"canonical\" href=\"http:\/\/noblleconsultoria.com.br\/index.php\/retificacao-de-area\/\" \/>\n<meta property=\"og:locale\" content=\"pt_BR\" \/>\n<meta property=\"og:type\" content=\"article\" \/>\n<meta property=\"og:title\" content=\"Retifica\u00e7\u00e3o de \u00e1rea - Noblle consultoria\" \/>\n<meta property=\"og:description\" content=\"retifica\u00e7\u00e3o de \u00e1rea &#8211; \u00a0Fazemos a retifica\u00e7\u00e3o de \u00e1rea em toda zona sul de S\u00e3o Paulo e demais regi\u00f5es da capital e interior, trata-se de um procedimento que permite a corre\u00e7\u00e3o do registro ou averba\u00e7\u00e3o quando os dados se mostrarem omissos, imprecisos ou n\u00e3o exprimirem a verdade, \u00e9 feita junto ao Registro de Im\u00f3veis ao\" \/>\n<meta property=\"og:url\" content=\"http:\/\/noblleconsultoria.com.br\/index.php\/retificacao-de-area\/\" \/>\n<meta property=\"og:site_name\" content=\"Noblle consultoria\" \/>\n<meta property=\"og:image\" content=\"http:\/\/noblleconsultoria.com.br\/wp-content\/uploads\/2017\/03\/Retificacao_de_Area.jpg\" \/>\n<meta name=\"twitter:card\" content=\"summary_large_image\" \/>\n<script type=\"application\/ld+json\" class=\"yoast-schema-graph\">{\"@context\":\"https:\/\/schema.org\",\"@graph\":[{\"@type\":\"WebPage\",\"@id\":\"http:\/\/noblleconsultoria.com.br\/index.php\/retificacao-de-area\/\",\"url\":\"http:\/\/noblleconsultoria.com.br\/index.php\/retificacao-de-area\/\",\"name\":\"Retifica\u00e7\u00e3o de \u00e1rea - Noblle consultoria\",\"isPartOf\":{\"@id\":\"https:\/\/noblleconsultoria.com.br\/#website\"},\"datePublished\":\"2017-03-21T00:02:16+00:00\",\"dateModified\":\"2017-03-21T00:02:16+00:00\",\"breadcrumb\":{\"@id\":\"http:\/\/noblleconsultoria.com.br\/index.php\/retificacao-de-area\/#breadcrumb\"},\"inLanguage\":\"pt-BR\",\"potentialAction\":[{\"@type\":\"ReadAction\",\"target\":[\"http:\/\/noblleconsultoria.com.br\/index.php\/retificacao-de-area\/\"]}]},{\"@type\":\"BreadcrumbList\",\"@id\":\"http:\/\/noblleconsultoria.com.br\/index.php\/retificacao-de-area\/#breadcrumb\",\"itemListElement\":[{\"@type\":\"ListItem\",\"position\":1,\"name\":\"In\u00edcio\",\"item\":\"https:\/\/noblleconsultoria.com.br\/\"},{\"@type\":\"ListItem\",\"position\":2,\"name\":\"Retifica\u00e7\u00e3o de \u00e1rea\"}]},{\"@type\":\"WebSite\",\"@id\":\"https:\/\/noblleconsultoria.com.br\/#website\",\"url\":\"https:\/\/noblleconsultoria.com.br\/\",\"name\":\"Noblle consultoria\",\"description\":\"Regulariza\u00e7\u00e3o de im\u00f3vel\",\"publisher\":{\"@id\":\"https:\/\/noblleconsultoria.com.br\/#organization\"},\"potentialAction\":[{\"@type\":\"SearchAction\",\"target\":{\"@type\":\"EntryPoint\",\"urlTemplate\":\"https:\/\/noblleconsultoria.com.br\/?s={search_term_string}\"},\"query-input\":\"required name=search_term_string\"}],\"inLanguage\":\"pt-BR\"},{\"@type\":\"Organization\",\"@id\":\"https:\/\/noblleconsultoria.com.br\/#organization\",\"name\":\"Noblle consultoria\",\"url\":\"https:\/\/noblleconsultoria.com.br\/\",\"logo\":{\"@type\":\"ImageObject\",\"inLanguage\":\"pt-BR\",\"@id\":\"https:\/\/noblleconsultoria.com.br\/#\/schema\/logo\/image\/\",\"url\":\"https:\/\/noblleconsultoria.com.br\/wp-content\/uploads\/2017\/02\/noblle-consultoria.jpg\",\"contentUrl\":\"https:\/\/noblleconsultoria.com.br\/wp-content\/uploads\/2017\/02\/noblle-consultoria.jpg\",\"width\":215,\"height\":121,\"caption\":\"Noblle consultoria\"},\"image\":{\"@id\":\"https:\/\/noblleconsultoria.com.br\/#\/schema\/logo\/image\/\"}}]}<\/script>\n<!-- \/ Yoast SEO plugin. -->","yoast_head_json":{"title":"Retifica\u00e7\u00e3o de \u00e1rea - Noblle consultoria","robots":{"index":"index","follow":"follow","max-snippet":"max-snippet:-1","max-image-preview":"max-image-preview:large","max-video-preview":"max-video-preview:-1"},"canonical":"http:\/\/noblleconsultoria.com.br\/index.php\/retificacao-de-area\/","og_locale":"pt_BR","og_type":"article","og_title":"Retifica\u00e7\u00e3o de \u00e1rea - Noblle consultoria","og_description":"retifica\u00e7\u00e3o de \u00e1rea &#8211; \u00a0Fazemos a retifica\u00e7\u00e3o de \u00e1rea em toda zona sul de S\u00e3o Paulo e demais regi\u00f5es da capital e interior, trata-se de um procedimento que permite a corre\u00e7\u00e3o do registro ou averba\u00e7\u00e3o quando os dados se mostrarem omissos, imprecisos ou n\u00e3o exprimirem a verdade, \u00e9 feita junto ao Registro de Im\u00f3veis ao","og_url":"http:\/\/noblleconsultoria.com.br\/index.php\/retificacao-de-area\/","og_site_name":"Noblle consultoria","og_image":[{"url":"http:\/\/noblleconsultoria.com.br\/wp-content\/uploads\/2017\/03\/Retificacao_de_Area.jpg"}],"twitter_card":"summary_large_image","schema":{"@context":"https:\/\/schema.org","@graph":[{"@type":"WebPage","@id":"http:\/\/noblleconsultoria.com.br\/index.php\/retificacao-de-area\/","url":"http:\/\/noblleconsultoria.com.br\/index.php\/retificacao-de-area\/","name":"Retifica\u00e7\u00e3o de \u00e1rea - Noblle consultoria","isPartOf":{"@id":"https:\/\/noblleconsultoria.com.br\/#website"},"datePublished":"2017-03-21T00:02:16+00:00","dateModified":"2017-03-21T00:02:16+00:00","breadcrumb":{"@id":"http:\/\/noblleconsultoria.com.br\/index.php\/retificacao-de-area\/#breadcrumb"},"inLanguage":"pt-BR","potentialAction":[{"@type":"ReadAction","target":["http:\/\/noblleconsultoria.com.br\/index.php\/retificacao-de-area\/"]}]},{"@type":"BreadcrumbList","@id":"http:\/\/noblleconsultoria.com.br\/index.php\/retificacao-de-area\/#breadcrumb","itemListElement":[{"@type":"ListItem","position":1,"name":"In\u00edcio","item":"https:\/\/noblleconsultoria.com.br\/"},{"@type":"ListItem","position":2,"name":"Retifica\u00e7\u00e3o de \u00e1rea"}]},{"@type":"WebSite","@id":"https:\/\/noblleconsultoria.com.br\/#website","url":"https:\/\/noblleconsultoria.com.br\/","name":"Noblle consultoria","description":"Regulariza\u00e7\u00e3o de im\u00f3vel","publisher":{"@id":"https:\/\/noblleconsultoria.com.br\/#organization"},"potentialAction":[{"@type":"SearchAction","target":{"@type":"EntryPoint","urlTemplate":"https:\/\/noblleconsultoria.com.br\/?s={search_term_string}"},"query-input":"required name=search_term_string"}],"inLanguage":"pt-BR"},{"@type":"Organization","@id":"https:\/\/noblleconsultoria.com.br\/#organization","name":"Noblle consultoria","url":"https:\/\/noblleconsultoria.com.br\/","logo":{"@type":"ImageObject","inLanguage":"pt-BR","@id":"https:\/\/noblleconsultoria.com.br\/#\/schema\/logo\/image\/","url":"https:\/\/noblleconsultoria.com.br\/wp-content\/uploads\/2017\/02\/noblle-consultoria.jpg","contentUrl":"https:\/\/noblleconsultoria.com.br\/wp-content\/uploads\/2017\/02\/noblle-consultoria.jpg","width":215,"height":121,"caption":"Noblle consultoria"},"image":{"@id":"https:\/\/noblleconsultoria.com.br\/#\/schema\/logo\/image\/"}}]}},"_links":{"self":[{"href":"https:\/\/noblleconsultoria.com.br\/index.php\/wp-json\/wp\/v2\/pages\/208"}],"collection":[{"href":"https:\/\/noblleconsultoria.com.br\/index.php\/wp-json\/wp\/v2\/pages"}],"about":[{"href":"https:\/\/noblleconsultoria.com.br\/index.php\/wp-json\/wp\/v2\/types\/page"}],"author":[{"embeddable":true,"href":"https:\/\/noblleconsultoria.com.br\/index.php\/wp-json\/wp\/v2\/users\/1"}],"replies":[{"embeddable":true,"href":"https:\/\/noblleconsultoria.com.br\/index.php\/wp-json\/wp\/v2\/comments?post=208"}],"version-history":[{"count":1,"href":"https:\/\/noblleconsultoria.com.br\/index.php\/wp-json\/wp\/v2\/pages\/208\/revisions"}],"predecessor-version":[{"id":211,"href":"https:\/\/noblleconsultoria.com.br\/index.php\/wp-json\/wp\/v2\/pages\/208\/revisions\/211"}],"wp:attachment":[{"href":"https:\/\/noblleconsultoria.com.br\/index.php\/wp-json\/wp\/v2\/media?parent=208"}],"curies":[{"name":"wp","href":"https:\/\/api.w.org\/{rel}","templated":true}]}}