{"id":212,"date":"2017-03-21T00:05:35","date_gmt":"2017-03-21T00:05:35","guid":{"rendered":"http:\/\/noblleconsultoria.com.br\/?page_id=212"},"modified":"2017-03-21T00:05:35","modified_gmt":"2017-03-21T00:05:35","slug":"inventarios","status":"publish","type":"page","link":"https:\/\/noblleconsultoria.com.br\/index.php\/inventarios\/","title":{"rendered":"Invent\u00e1rios"},"content":{"rendered":"<p><img decoding=\"async\" loading=\"lazy\" class=\"wp-image-213 aligncenter\" src=\"http:\/\/noblleconsultoria.com.br\/wp-content\/uploads\/2017\/03\/Inventario.jpg\" alt=\"\" width=\"338\" height=\"222\" srcset=\"https:\/\/noblleconsultoria.com.br\/wp-content\/uploads\/2017\/03\/Inventario.jpg 900w, https:\/\/noblleconsultoria.com.br\/wp-content\/uploads\/2017\/03\/Inventario-300x197.jpg 300w, https:\/\/noblleconsultoria.com.br\/wp-content\/uploads\/2017\/03\/Inventario-768x505.jpg 768w\" sizes=\"(max-width: 338px) 100vw, 338px\" \/><\/p>\n<p>&nbsp;<\/p>\n<p><span style=\"font-family: verdana,geneva; font-size: medium; color: #000000;\">invent\u00e1rio &#8211; Fazemos a a\u00e7\u00e3o de\u00a0 invent\u00e1rio em toda zona sul de S\u00e3o Paulo e demais regi\u00f5es da capital e interior, cujo\u00a0 procedimento legal disciplinado pelo C\u00f3digo de Civil, onde s\u00e3o relacionados, descritos e avaliados os bens deixados pela pessoa falecida, a fim de que seja poss\u00edvel a posterior distribui\u00e7\u00e3o de tais bens entre os herdeiros. O patrim\u00f4nio do falecido \u00e9 identificado, s\u00e3o pagas as d\u00edvidas e os impostos devidos, e cobrados os cr\u00e9ditos por ventura existentes com a expedi\u00e7\u00e3o do formal de partilha e, ao fim, a distribui\u00e7\u00e3o dos itens da heran\u00e7a aos leg\u00edtimos propriet\u00e1rios.<br \/>\nEm caso de \u00fanico herdeiro a partilha ser\u00e1 substitu\u00edda pela simples adjudica\u00e7\u00e3o dos bens a este.<br \/>\nH\u00e1 duas categorias:<br \/>\n<\/span><\/p>\n<ul>\n<li><span style=\"font-family: verdana,geneva; font-size: medium; color: #000000;\">\u00a0 invent\u00e1rio judicial, tradicional e solene<\/span><\/li>\n<\/ul>\n<ul>\n<li><span style=\"font-family: verdana,geneva; font-size: medium; color: #000000;\">\u00a0 invent\u00e1rio extrajudicial &#8211; administrativo<\/span><\/li>\n<\/ul>\n","protected":false},"excerpt":{"rendered":"<p>&nbsp; invent\u00e1rio &#8211; Fazemos a a\u00e7\u00e3o de\u00a0 invent\u00e1rio em toda zona sul de S\u00e3o Paulo e demais regi\u00f5es da capital e interior, cujo\u00a0 procedimento legal disciplinado pelo C\u00f3digo de Civil, onde s\u00e3o relacionados, descritos e avaliados os bens deixados pela pessoa falecida, a fim de que seja poss\u00edvel a posterior distribui\u00e7\u00e3o de tais bens entre<\/p>\n","protected":false},"author":1,"featured_media":0,"parent":0,"menu_order":0,"comment_status":"closed","ping_status":"closed","template":"","meta":[],"yoast_head":"<!-- This site is optimized with the Yoast SEO plugin v19.11 - https:\/\/yoast.com\/wordpress\/plugins\/seo\/ -->\n<title>Invent\u00e1rios - Noblle consultoria<\/title>\n<meta name=\"robots\" content=\"index, follow, max-snippet:-1, max-image-preview:large, max-video-preview:-1\" \/>\n<link rel=\"canonical\" href=\"https:\/\/noblleconsultoria.com.br\/index.php\/inventarios\/\" \/>\n<meta property=\"og:locale\" content=\"pt_BR\" \/>\n<meta property=\"og:type\" content=\"article\" \/>\n<meta property=\"og:title\" content=\"Invent\u00e1rios - Noblle consultoria\" \/>\n<meta property=\"og:description\" content=\"&nbsp; invent\u00e1rio &#8211; Fazemos a a\u00e7\u00e3o de\u00a0 invent\u00e1rio em toda zona sul de S\u00e3o Paulo e demais regi\u00f5es da capital e interior, cujo\u00a0 procedimento legal disciplinado pelo C\u00f3digo de Civil, onde s\u00e3o relacionados, descritos e avaliados os bens deixados pela pessoa falecida, a fim de que seja poss\u00edvel a posterior distribui\u00e7\u00e3o de tais bens entre\" \/>\n<meta property=\"og:url\" content=\"https:\/\/noblleconsultoria.com.br\/index.php\/inventarios\/\" \/>\n<meta property=\"og:site_name\" content=\"Noblle consultoria\" \/>\n<meta property=\"og:image\" content=\"http:\/\/noblleconsultoria.com.br\/wp-content\/uploads\/2017\/03\/Inventario.jpg\" \/>\n<meta name=\"twitter:card\" content=\"summary_large_image\" \/>\n<meta name=\"twitter:label1\" content=\"Est. tempo de leitura\" \/>\n\t<meta name=\"twitter:data1\" content=\"1 minuto\" \/>\n<script type=\"application\/ld+json\" class=\"yoast-schema-graph\">{\"@context\":\"https:\/\/schema.org\",\"@graph\":[{\"@type\":\"WebPage\",\"@id\":\"https:\/\/noblleconsultoria.com.br\/index.php\/inventarios\/\",\"url\":\"https:\/\/noblleconsultoria.com.br\/index.php\/inventarios\/\",\"name\":\"Invent\u00e1rios - Noblle consultoria\",\"isPartOf\":{\"@id\":\"https:\/\/noblleconsultoria.com.br\/#website\"},\"datePublished\":\"2017-03-21T00:05:35+00:00\",\"dateModified\":\"2017-03-21T00:05:35+00:00\",\"breadcrumb\":{\"@id\":\"https:\/\/noblleconsultoria.com.br\/index.php\/inventarios\/#breadcrumb\"},\"inLanguage\":\"pt-BR\",\"potentialAction\":[{\"@type\":\"ReadAction\",\"target\":[\"https:\/\/noblleconsultoria.com.br\/index.php\/inventarios\/\"]}]},{\"@type\":\"BreadcrumbList\",\"@id\":\"https:\/\/noblleconsultoria.com.br\/index.php\/inventarios\/#breadcrumb\",\"itemListElement\":[{\"@type\":\"ListItem\",\"position\":1,\"name\":\"In\u00edcio\",\"item\":\"https:\/\/noblleconsultoria.com.br\/\"},{\"@type\":\"ListItem\",\"position\":2,\"name\":\"Invent\u00e1rios\"}]},{\"@type\":\"WebSite\",\"@id\":\"https:\/\/noblleconsultoria.com.br\/#website\",\"url\":\"https:\/\/noblleconsultoria.com.br\/\",\"name\":\"Noblle consultoria\",\"description\":\"Regulariza\u00e7\u00e3o de im\u00f3vel\",\"publisher\":{\"@id\":\"https:\/\/noblleconsultoria.com.br\/#organization\"},\"potentialAction\":[{\"@type\":\"SearchAction\",\"target\":{\"@type\":\"EntryPoint\",\"urlTemplate\":\"https:\/\/noblleconsultoria.com.br\/?s={search_term_string}\"},\"query-input\":\"required name=search_term_string\"}],\"inLanguage\":\"pt-BR\"},{\"@type\":\"Organization\",\"@id\":\"https:\/\/noblleconsultoria.com.br\/#organization\",\"name\":\"Noblle consultoria\",\"url\":\"https:\/\/noblleconsultoria.com.br\/\",\"logo\":{\"@type\":\"ImageObject\",\"inLanguage\":\"pt-BR\",\"@id\":\"https:\/\/noblleconsultoria.com.br\/#\/schema\/logo\/image\/\",\"url\":\"https:\/\/noblleconsultoria.com.br\/wp-content\/uploads\/2017\/02\/noblle-consultoria.jpg\",\"contentUrl\":\"https:\/\/noblleconsultoria.com.br\/wp-content\/uploads\/2017\/02\/noblle-consultoria.jpg\",\"width\":215,\"height\":121,\"caption\":\"Noblle consultoria\"},\"image\":{\"@id\":\"https:\/\/noblleconsultoria.com.br\/#\/schema\/logo\/image\/\"}}]}<\/script>\n<!-- \/ Yoast SEO plugin. -->","yoast_head_json":{"title":"Invent\u00e1rios - Noblle consultoria","robots":{"index":"index","follow":"follow","max-snippet":"max-snippet:-1","max-image-preview":"max-image-preview:large","max-video-preview":"max-video-preview:-1"},"canonical":"https:\/\/noblleconsultoria.com.br\/index.php\/inventarios\/","og_locale":"pt_BR","og_type":"article","og_title":"Invent\u00e1rios - Noblle consultoria","og_description":"&nbsp; invent\u00e1rio &#8211; Fazemos a a\u00e7\u00e3o de\u00a0 invent\u00e1rio em toda zona sul de S\u00e3o Paulo e demais regi\u00f5es da capital e interior, cujo\u00a0 procedimento legal disciplinado pelo C\u00f3digo de Civil, onde s\u00e3o relacionados, descritos e avaliados os bens deixados pela pessoa falecida, a fim de que seja poss\u00edvel a posterior distribui\u00e7\u00e3o de tais bens entre","og_url":"https:\/\/noblleconsultoria.com.br\/index.php\/inventarios\/","og_site_name":"Noblle consultoria","og_image":[{"url":"http:\/\/noblleconsultoria.com.br\/wp-content\/uploads\/2017\/03\/Inventario.jpg"}],"twitter_card":"summary_large_image","twitter_misc":{"Est. tempo de leitura":"1 minuto"},"schema":{"@context":"https:\/\/schema.org","@graph":[{"@type":"WebPage","@id":"https:\/\/noblleconsultoria.com.br\/index.php\/inventarios\/","url":"https:\/\/noblleconsultoria.com.br\/index.php\/inventarios\/","name":"Invent\u00e1rios - Noblle consultoria","isPartOf":{"@id":"https:\/\/noblleconsultoria.com.br\/#website"},"datePublished":"2017-03-21T00:05:35+00:00","dateModified":"2017-03-21T00:05:35+00:00","breadcrumb":{"@id":"https:\/\/noblleconsultoria.com.br\/index.php\/inventarios\/#breadcrumb"},"inLanguage":"pt-BR","potentialAction":[{"@type":"ReadAction","target":["https:\/\/noblleconsultoria.com.br\/index.php\/inventarios\/"]}]},{"@type":"BreadcrumbList","@id":"https:\/\/noblleconsultoria.com.br\/index.php\/inventarios\/#breadcrumb","itemListElement":[{"@type":"ListItem","position":1,"name":"In\u00edcio","item":"https:\/\/noblleconsultoria.com.br\/"},{"@type":"ListItem","position":2,"name":"Invent\u00e1rios"}]},{"@type":"WebSite","@id":"https:\/\/noblleconsultoria.com.br\/#website","url":"https:\/\/noblleconsultoria.com.br\/","name":"Noblle consultoria","description":"Regulariza\u00e7\u00e3o de im\u00f3vel","publisher":{"@id":"https:\/\/noblleconsultoria.com.br\/#organization"},"potentialAction":[{"@type":"SearchAction","target":{"@type":"EntryPoint","urlTemplate":"https:\/\/noblleconsultoria.com.br\/?s={search_term_string}"},"query-input":"required name=search_term_string"}],"inLanguage":"pt-BR"},{"@type":"Organization","@id":"https:\/\/noblleconsultoria.com.br\/#organization","name":"Noblle consultoria","url":"https:\/\/noblleconsultoria.com.br\/","logo":{"@type":"ImageObject","inLanguage":"pt-BR","@id":"https:\/\/noblleconsultoria.com.br\/#\/schema\/logo\/image\/","url":"https:\/\/noblleconsultoria.com.br\/wp-content\/uploads\/2017\/02\/noblle-consultoria.jpg","contentUrl":"https:\/\/noblleconsultoria.com.br\/wp-content\/uploads\/2017\/02\/noblle-consultoria.jpg","width":215,"height":121,"caption":"Noblle consultoria"},"image":{"@id":"https:\/\/noblleconsultoria.com.br\/#\/schema\/logo\/image\/"}}]}},"_links":{"self":[{"href":"https:\/\/noblleconsultoria.com.br\/index.php\/wp-json\/wp\/v2\/pages\/212"}],"collection":[{"href":"https:\/\/noblleconsultoria.com.br\/index.php\/wp-json\/wp\/v2\/pages"}],"about":[{"href":"https:\/\/noblleconsultoria.com.br\/index.php\/wp-json\/wp\/v2\/types\/page"}],"author":[{"embeddable":true,"href":"https:\/\/noblleconsultoria.com.br\/index.php\/wp-json\/wp\/v2\/users\/1"}],"replies":[{"embeddable":true,"href":"https:\/\/noblleconsultoria.com.br\/index.php\/wp-json\/wp\/v2\/comments?post=212"}],"version-history":[{"count":1,"href":"https:\/\/noblleconsultoria.com.br\/index.php\/wp-json\/wp\/v2\/pages\/212\/revisions"}],"predecessor-version":[{"id":215,"href":"https:\/\/noblleconsultoria.com.br\/index.php\/wp-json\/wp\/v2\/pages\/212\/revisions\/215"}],"wp:attachment":[{"href":"https:\/\/noblleconsultoria.com.br\/index.php\/wp-json\/wp\/v2\/media?parent=212"}],"curies":[{"name":"wp","href":"https:\/\/api.w.org\/{rel}","templated":true}]}}