{"id":257,"date":"2017-03-21T19:12:58","date_gmt":"2017-03-21T19:12:58","guid":{"rendered":"http:\/\/noblleconsultoria.com.br\/?page_id=257"},"modified":"2017-03-21T19:12:58","modified_gmt":"2017-03-21T19:12:58","slug":"estudo-de-impacto-de-vizinhanca","status":"publish","type":"page","link":"https:\/\/noblleconsultoria.com.br\/index.php\/estudo-de-impacto-de-vizinhanca\/","title":{"rendered":"Estudo de impacto de vizinhan\u00e7a"},"content":{"rendered":"<p><img decoding=\"async\" loading=\"lazy\" class=\"size-full wp-image-251 aligncenter\" src=\"http:\/\/noblleconsultoria.com.br\/wp-content\/uploads\/2017\/03\/impacto.jpg\" alt=\"\" width=\"773\" height=\"206\" srcset=\"https:\/\/noblleconsultoria.com.br\/wp-content\/uploads\/2017\/03\/impacto.jpg 773w, https:\/\/noblleconsultoria.com.br\/wp-content\/uploads\/2017\/03\/impacto-300x80.jpg 300w, https:\/\/noblleconsultoria.com.br\/wp-content\/uploads\/2017\/03\/impacto-768x205.jpg 768w\" sizes=\"(max-width: 773px) 100vw, 773px\" \/><\/p>\n<p>&nbsp;<\/p>\n<div align=\"left\">\n<div align=\"center\"><span style=\"font-size: large;\"><span style=\"color: #000000;\"><b>ESTUDO DE IMPACTO DE VIZINHAN\u00c7A &#8211; EIV<\/b><\/span><br \/>\n<\/span><\/div>\n<p><span style=\"font-family: verdana,geneva; font-size: medium;\"><br \/>\n<span style=\"color: #000000;\">\u2022 Elaboramos ESTUDO DE IMPACTO DE VIZINHAN\u00c7A &#8211; EIV toda zona sul de S\u00e3o Paulo e demais regi\u00f5es da capital <\/span><br \/>\n<span style=\"color: #000000;\"> e interior . Com segmento para algumas \u00e1reas para atendimento em todo o Brasil.<\/span><br \/>\n<span style=\"color: #000000;\"> \u2022 <span style=\"color: #ff0000;\">Conceito<\/span>: As interfer\u00eancias na utiliza\u00e7\u00e3o ou ocupa\u00e7\u00e3o de um determinado lote urbano produzem impactos positivos e negativos sobre o seu entorno, podendo interferir diretamente na vida e din\u00e2mica urbana. Portanto, quanto maior o empreendimento, maior o impacto que ele poder\u00e1 ou n\u00e3o causar sobre a vizinhan\u00e7a.<\/span><br \/>\n<span style=\"color: #000000;\"> \u2022 <span style=\"color: #ff0000;\">Legisla\u00e7\u00e3o<\/span>: O Estatuto da Cidade, Lei Federal no 10.257\/2001, previu o EIV &#8211; Estudo de Impacto de Vizinhan\u00e7a, um <\/span><br \/>\n<span style=\"color: #000000;\"> novo instrumento de media\u00e7\u00e3o entre os interesses privados dos empreendedores, que garante o direito \u00e0 qualidade urbana de quem mora ou transita no entorno da obra.<\/span><br \/>\n<span style=\"color: #000000;\"> Nos artigos 36 a 38 desta lei, determinam-se que o estudo seja elaborado pelo empreendedor, sendo analisado e aprovado pelo poder p\u00fablico. De maneira geral, todos os munic\u00edpios brasileiros t\u00eam introduzido a obrigatoriedade do EIV \u2013 Estudo de Impacto de Vizinhan\u00e7a em seus planos diretores.<\/span><br \/>\n<span style=\"color: #000000;\"> Conforme o artigo 37, a an\u00e1lise dos impactos ambientais contemplada na elabora\u00e7\u00e3o do EIV deve abranger alguns aspectos, como:<\/span><\/p>\n<p><span style=\"color: #000000;\"> \u00a0\u0327 O adensamento populacional;<\/span><\/p>\n<p><span style=\"color: #000000;\"> \u00a0\u0327 Os equipamentos urbanos e comunit\u00e1rios;<\/span><\/p>\n<p><span style=\"color: #000000;\"> \u00a0\u0327 O uso e ocupa\u00e7\u00e3o do solo;<\/span><\/p>\n<p><span style=\"color: #000000;\"> \u00a0\u0327 A valoriza\u00e7\u00e3o imobili\u00e1ria;<\/span><\/p>\n<p><span style=\"color: #000000;\"> \u00a0\u0327 A gera\u00e7\u00e3o de tr\u00e1fego;<\/span><\/p>\n<p><span style=\"color: #000000;\"> \u00a0\u0327 A demanda por transporte p\u00fablico;<\/span><\/p>\n<p><span style=\"color: #000000;\"> \u00a0\u0327 A paisagem urbana;<\/span><\/p>\n<p><span style=\"color: #000000;\"> \u00a0\u0327 O patrim\u00f4nio natural e cultural.<\/span><\/p>\n<p><span style=\"color: #000000;\"> \u2022 <span style=\"color: #ff0000;\">Propostas mitigadoras e compensat\u00f3rias<\/span>: Por meio do estudo \u00e9 poss\u00edvel controlar os efeitos do planejamento urbano e ambiental do empreendimento, propondo a\u00e7\u00f5es mitigadoras e compensat\u00f3rias que minimizem os danos ambientais e descontroles urban\u00edsticos. Logo, o EIV \u00e9 considerado um instrumento significativo de an\u00e1lise e controle das quest\u00f5es de pol\u00edticas p\u00fablicas urbanas.<\/span><\/p>\n<p><span style=\"color: #000000;\"> \u2022 <span style=\"color: #ff0000;\">Objetivo<\/span>: O objetivo do EIV \u00e9 democratizar a tomada de decis\u00e3o sobre os grandes empreendimentos das cidades, sugerindo adequa\u00e7\u00f5es e melhorias no projeto.<\/span><\/p>\n<p><span style=\"color: #000000;\"> \u00a0\u0327 Contribui para a aprova\u00e7\u00e3o do empreendimento;<\/span><\/p>\n<p><span style=\"color: #000000;\"> \u00a0\u0327 Estabelece condi\u00e7\u00f5es ou contrapartidas para o funcionamento do empreendimento;<\/span><\/p>\n<p><span style=\"color: #000000;\"> \u00a0\u0327 Apresenta propostas de adequa\u00e7\u00f5es necess\u00e1rias para a defesa ambiental, viabilizando o empreendimento;<\/span><\/p>\n<p><span style=\"color: #000000;\"> \u00a0\u0327 Recomenda o direcionamento dos ajustes necess\u00e1rios na infraestrutura do entorno, a fim de melhorar ou minimizar os impactos gerados para a regi\u00e3o urbana.<\/span><\/p>\n<p><span style=\"color: #000000;\"> \u2022 Impactos Ambientais: Quanto aos impactos ambientais gerados pelo empreendimento, considera-se:<\/span><\/p>\n<p><span style=\"color: #000000;\"> \u00a0\u0327 A destina\u00e7\u00e3o adequada dos efluentes sanit\u00e1rios;<\/span><\/p>\n<p><span style=\"color: #000000;\"> \u00a0\u0327 A redu\u00e7\u00e3o do consumo de \u00e1gua pot\u00e1vel;<\/span><\/p>\n<p><span style=\"color: #000000;\"> \u00a0\u0327 O equacionamento da polui\u00e7\u00e3o por \u00e1guas pluviais;<\/span><\/p>\n<p><span style=\"color: #000000;\"> \u00a0\u0327 A impermeabiliza\u00e7\u00e3o do solo;<\/span><\/p>\n<p><span style=\"color: #000000;\"> \u00a0\u0327 A destina\u00e7\u00e3o correta dos res\u00edduos s\u00f3lidos gerados pelo empreendimento;<\/span><\/p>\n<p><span style=\"color: #000000;\"> \u00a0\u0327 A reserva de \u00e1rea verde quando for o caso;<\/span><\/p>\n<p><span style=\"color: #000000;\"> \u00a0\u0327 A solu\u00e7\u00e3o para o sistema vi\u00e1rio, dando condi\u00e7\u00f5es de seguran\u00e7a e conforto para que os que percorrerem para o novo empreendimento;<\/span><\/p>\n<p>\u0327 As adequa\u00e7\u00f5es das \u00e1reas de carga e descarga<\/span><\/div>\n","protected":false},"excerpt":{"rendered":"<p>&nbsp; ESTUDO DE IMPACTO DE VIZINHAN\u00c7A &#8211; EIV \u2022 Elaboramos ESTUDO DE IMPACTO DE VIZINHAN\u00c7A &#8211; EIV toda zona sul de S\u00e3o Paulo e demais regi\u00f5es da capital e interior . Com segmento para algumas \u00e1reas para atendimento em todo o Brasil. \u2022 Conceito: As interfer\u00eancias na utiliza\u00e7\u00e3o ou ocupa\u00e7\u00e3o de um determinado lote urbano<\/p>\n","protected":false},"author":1,"featured_media":0,"parent":0,"menu_order":0,"comment_status":"closed","ping_status":"closed","template":"","meta":[],"yoast_head":"<!-- This site is optimized with the Yoast SEO plugin v19.11 - https:\/\/yoast.com\/wordpress\/plugins\/seo\/ -->\n<title>Estudo de impacto de vizinhan\u00e7a - Noblle consultoria<\/title>\n<meta name=\"robots\" content=\"index, follow, max-snippet:-1, max-image-preview:large, max-video-preview:-1\" \/>\n<link rel=\"canonical\" href=\"http:\/\/noblleconsultoria.com.br\/index.php\/estudo-de-impacto-de-vizinhanca\/\" \/>\n<meta property=\"og:locale\" content=\"pt_BR\" \/>\n<meta property=\"og:type\" content=\"article\" \/>\n<meta property=\"og:title\" content=\"Estudo de impacto de vizinhan\u00e7a - Noblle consultoria\" \/>\n<meta property=\"og:description\" content=\"&nbsp; ESTUDO DE IMPACTO DE VIZINHAN\u00c7A &#8211; EIV \u2022 Elaboramos ESTUDO DE IMPACTO DE VIZINHAN\u00c7A &#8211; EIV toda zona sul de S\u00e3o Paulo e demais regi\u00f5es da capital e interior . Com segmento para algumas \u00e1reas para atendimento em todo o Brasil. \u2022 Conceito: As interfer\u00eancias na utiliza\u00e7\u00e3o ou ocupa\u00e7\u00e3o de um determinado lote urbano\" \/>\n<meta property=\"og:url\" content=\"http:\/\/noblleconsultoria.com.br\/index.php\/estudo-de-impacto-de-vizinhanca\/\" \/>\n<meta property=\"og:site_name\" content=\"Noblle consultoria\" \/>\n<meta property=\"og:image\" content=\"http:\/\/noblleconsultoria.com.br\/wp-content\/uploads\/2017\/03\/impacto.jpg\" \/>\n<meta name=\"twitter:card\" content=\"summary_large_image\" \/>\n<meta name=\"twitter:label1\" content=\"Est. tempo de leitura\" \/>\n\t<meta name=\"twitter:data1\" content=\"2 minutos\" \/>\n<script type=\"application\/ld+json\" class=\"yoast-schema-graph\">{\"@context\":\"https:\/\/schema.org\",\"@graph\":[{\"@type\":\"WebPage\",\"@id\":\"http:\/\/noblleconsultoria.com.br\/index.php\/estudo-de-impacto-de-vizinhanca\/\",\"url\":\"http:\/\/noblleconsultoria.com.br\/index.php\/estudo-de-impacto-de-vizinhanca\/\",\"name\":\"Estudo de impacto de vizinhan\u00e7a - Noblle consultoria\",\"isPartOf\":{\"@id\":\"https:\/\/noblleconsultoria.com.br\/#website\"},\"datePublished\":\"2017-03-21T19:12:58+00:00\",\"dateModified\":\"2017-03-21T19:12:58+00:00\",\"breadcrumb\":{\"@id\":\"http:\/\/noblleconsultoria.com.br\/index.php\/estudo-de-impacto-de-vizinhanca\/#breadcrumb\"},\"inLanguage\":\"pt-BR\",\"potentialAction\":[{\"@type\":\"ReadAction\",\"target\":[\"http:\/\/noblleconsultoria.com.br\/index.php\/estudo-de-impacto-de-vizinhanca\/\"]}]},{\"@type\":\"BreadcrumbList\",\"@id\":\"http:\/\/noblleconsultoria.com.br\/index.php\/estudo-de-impacto-de-vizinhanca\/#breadcrumb\",\"itemListElement\":[{\"@type\":\"ListItem\",\"position\":1,\"name\":\"In\u00edcio\",\"item\":\"https:\/\/noblleconsultoria.com.br\/\"},{\"@type\":\"ListItem\",\"position\":2,\"name\":\"Estudo de impacto de vizinhan\u00e7a\"}]},{\"@type\":\"WebSite\",\"@id\":\"https:\/\/noblleconsultoria.com.br\/#website\",\"url\":\"https:\/\/noblleconsultoria.com.br\/\",\"name\":\"Noblle consultoria\",\"description\":\"Regulariza\u00e7\u00e3o de im\u00f3vel\",\"publisher\":{\"@id\":\"https:\/\/noblleconsultoria.com.br\/#organization\"},\"potentialAction\":[{\"@type\":\"SearchAction\",\"target\":{\"@type\":\"EntryPoint\",\"urlTemplate\":\"https:\/\/noblleconsultoria.com.br\/?s={search_term_string}\"},\"query-input\":\"required name=search_term_string\"}],\"inLanguage\":\"pt-BR\"},{\"@type\":\"Organization\",\"@id\":\"https:\/\/noblleconsultoria.com.br\/#organization\",\"name\":\"Noblle consultoria\",\"url\":\"https:\/\/noblleconsultoria.com.br\/\",\"logo\":{\"@type\":\"ImageObject\",\"inLanguage\":\"pt-BR\",\"@id\":\"https:\/\/noblleconsultoria.com.br\/#\/schema\/logo\/image\/\",\"url\":\"https:\/\/noblleconsultoria.com.br\/wp-content\/uploads\/2017\/02\/noblle-consultoria.jpg\",\"contentUrl\":\"https:\/\/noblleconsultoria.com.br\/wp-content\/uploads\/2017\/02\/noblle-consultoria.jpg\",\"width\":215,\"height\":121,\"caption\":\"Noblle consultoria\"},\"image\":{\"@id\":\"https:\/\/noblleconsultoria.com.br\/#\/schema\/logo\/image\/\"}}]}<\/script>\n<!-- \/ Yoast SEO plugin. -->","yoast_head_json":{"title":"Estudo de impacto de vizinhan\u00e7a - Noblle consultoria","robots":{"index":"index","follow":"follow","max-snippet":"max-snippet:-1","max-image-preview":"max-image-preview:large","max-video-preview":"max-video-preview:-1"},"canonical":"http:\/\/noblleconsultoria.com.br\/index.php\/estudo-de-impacto-de-vizinhanca\/","og_locale":"pt_BR","og_type":"article","og_title":"Estudo de impacto de vizinhan\u00e7a - Noblle consultoria","og_description":"&nbsp; ESTUDO DE IMPACTO DE VIZINHAN\u00c7A &#8211; EIV \u2022 Elaboramos ESTUDO DE IMPACTO DE VIZINHAN\u00c7A &#8211; EIV toda zona sul de S\u00e3o Paulo e demais regi\u00f5es da capital e interior . Com segmento para algumas \u00e1reas para atendimento em todo o Brasil. \u2022 Conceito: As interfer\u00eancias na utiliza\u00e7\u00e3o ou ocupa\u00e7\u00e3o de um determinado lote urbano","og_url":"http:\/\/noblleconsultoria.com.br\/index.php\/estudo-de-impacto-de-vizinhanca\/","og_site_name":"Noblle consultoria","og_image":[{"url":"http:\/\/noblleconsultoria.com.br\/wp-content\/uploads\/2017\/03\/impacto.jpg"}],"twitter_card":"summary_large_image","twitter_misc":{"Est. tempo de leitura":"2 minutos"},"schema":{"@context":"https:\/\/schema.org","@graph":[{"@type":"WebPage","@id":"http:\/\/noblleconsultoria.com.br\/index.php\/estudo-de-impacto-de-vizinhanca\/","url":"http:\/\/noblleconsultoria.com.br\/index.php\/estudo-de-impacto-de-vizinhanca\/","name":"Estudo de impacto de vizinhan\u00e7a - Noblle consultoria","isPartOf":{"@id":"https:\/\/noblleconsultoria.com.br\/#website"},"datePublished":"2017-03-21T19:12:58+00:00","dateModified":"2017-03-21T19:12:58+00:00","breadcrumb":{"@id":"http:\/\/noblleconsultoria.com.br\/index.php\/estudo-de-impacto-de-vizinhanca\/#breadcrumb"},"inLanguage":"pt-BR","potentialAction":[{"@type":"ReadAction","target":["http:\/\/noblleconsultoria.com.br\/index.php\/estudo-de-impacto-de-vizinhanca\/"]}]},{"@type":"BreadcrumbList","@id":"http:\/\/noblleconsultoria.com.br\/index.php\/estudo-de-impacto-de-vizinhanca\/#breadcrumb","itemListElement":[{"@type":"ListItem","position":1,"name":"In\u00edcio","item":"https:\/\/noblleconsultoria.com.br\/"},{"@type":"ListItem","position":2,"name":"Estudo de impacto de vizinhan\u00e7a"}]},{"@type":"WebSite","@id":"https:\/\/noblleconsultoria.com.br\/#website","url":"https:\/\/noblleconsultoria.com.br\/","name":"Noblle consultoria","description":"Regulariza\u00e7\u00e3o de im\u00f3vel","publisher":{"@id":"https:\/\/noblleconsultoria.com.br\/#organization"},"potentialAction":[{"@type":"SearchAction","target":{"@type":"EntryPoint","urlTemplate":"https:\/\/noblleconsultoria.com.br\/?s={search_term_string}"},"query-input":"required name=search_term_string"}],"inLanguage":"pt-BR"},{"@type":"Organization","@id":"https:\/\/noblleconsultoria.com.br\/#organization","name":"Noblle consultoria","url":"https:\/\/noblleconsultoria.com.br\/","logo":{"@type":"ImageObject","inLanguage":"pt-BR","@id":"https:\/\/noblleconsultoria.com.br\/#\/schema\/logo\/image\/","url":"https:\/\/noblleconsultoria.com.br\/wp-content\/uploads\/2017\/02\/noblle-consultoria.jpg","contentUrl":"https:\/\/noblleconsultoria.com.br\/wp-content\/uploads\/2017\/02\/noblle-consultoria.jpg","width":215,"height":121,"caption":"Noblle consultoria"},"image":{"@id":"https:\/\/noblleconsultoria.com.br\/#\/schema\/logo\/image\/"}}]}},"_links":{"self":[{"href":"https:\/\/noblleconsultoria.com.br\/index.php\/wp-json\/wp\/v2\/pages\/257"}],"collection":[{"href":"https:\/\/noblleconsultoria.com.br\/index.php\/wp-json\/wp\/v2\/pages"}],"about":[{"href":"https:\/\/noblleconsultoria.com.br\/index.php\/wp-json\/wp\/v2\/types\/page"}],"author":[{"embeddable":true,"href":"https:\/\/noblleconsultoria.com.br\/index.php\/wp-json\/wp\/v2\/users\/1"}],"replies":[{"embeddable":true,"href":"https:\/\/noblleconsultoria.com.br\/index.php\/wp-json\/wp\/v2\/comments?post=257"}],"version-history":[{"count":1,"href":"https:\/\/noblleconsultoria.com.br\/index.php\/wp-json\/wp\/v2\/pages\/257\/revisions"}],"predecessor-version":[{"id":259,"href":"https:\/\/noblleconsultoria.com.br\/index.php\/wp-json\/wp\/v2\/pages\/257\/revisions\/259"}],"wp:attachment":[{"href":"https:\/\/noblleconsultoria.com.br\/index.php\/wp-json\/wp\/v2\/media?parent=257"}],"curies":[{"name":"wp","href":"https:\/\/api.w.org\/{rel}","templated":true}]}}