{"id":41,"date":"2017-02-19T20:39:09","date_gmt":"2017-02-19T20:39:09","guid":{"rendered":"http:\/\/noblleconsultoria.com.br\/?page_id=41"},"modified":"2017-02-19T20:41:06","modified_gmt":"2017-02-19T20:41:06","slug":"acessibilidade","status":"publish","type":"page","link":"https:\/\/noblleconsultoria.com.br\/index.php\/acessibilidade\/","title":{"rendered":"Acessibilidade"},"content":{"rendered":"<p>&nbsp;<\/p>\n<p><strong>Projeto de Acessibilidade<\/strong><\/p>\n<p>Fazemos projetos personalizados\u00a0 com toda a seguran\u00e7a e conforme nossas normas, seguimos a id\u00e9ias da Comiss\u00e3o Permanente de Acessibilidade (CPA) que \u00e9 um \u00f3rg\u00e3o<\/p>\n<p>colegiado da Prefeitura do Munic\u00edpio de S\u00e3o Paulo vinculado \u00e0 SMPED e composto por<\/p>\n<p>representantes de diversas secretarias, \u00f3rg\u00e3os municipais e sociedade civil. Tem papel<\/p>\n<p>consultivo e deliberativo nos assuntos que incluem acessibilidade em edifica\u00e7\u00f5es,<\/p>\n<p>logradouros, mobili\u00e1rio urbano, transporte e comunica\u00e7\u00e3o.<\/p>\n<p>Contando com engenheiros e\u00a0arquitetos entre seus membros, realiza vistorias e an\u00e1lise<\/p>\n<p>de\u00a0projetos e coordena a\u00e7\u00f5es\u00a0integradas nas diversas secretarias da administra\u00e7\u00e3o<\/p>\n<p>municipal para a elimina\u00e7\u00e3o de\u00a0barreiras arquitet\u00f4nicas e de comunica\u00e7\u00e3o na cidade.<\/p>\n","protected":false},"excerpt":{"rendered":"<p>&nbsp; Projeto de Acessibilidade Fazemos projetos personalizados\u00a0 com toda a seguran\u00e7a e conforme nossas normas, seguimos a id\u00e9ias da Comiss\u00e3o Permanente de Acessibilidade (CPA) que \u00e9 um \u00f3rg\u00e3o colegiado da Prefeitura do Munic\u00edpio de S\u00e3o Paulo vinculado \u00e0 SMPED e composto por representantes de diversas secretarias, \u00f3rg\u00e3os municipais e sociedade civil. Tem papel consultivo e<\/p>\n","protected":false},"author":1,"featured_media":47,"parent":0,"menu_order":0,"comment_status":"closed","ping_status":"closed","template":"","meta":[],"yoast_head":"<!-- This site is optimized with the Yoast SEO plugin v19.11 - https:\/\/yoast.com\/wordpress\/plugins\/seo\/ -->\n<title>Acessibilidade - Noblle consultoria<\/title>\n<meta name=\"robots\" content=\"index, follow, max-snippet:-1, max-image-preview:large, max-video-preview:-1\" \/>\n<link rel=\"canonical\" href=\"http:\/\/noblleconsultoria.com.br\/index.php\/acessibilidade\/\" \/>\n<meta property=\"og:locale\" content=\"pt_BR\" \/>\n<meta property=\"og:type\" content=\"article\" \/>\n<meta property=\"og:title\" content=\"Acessibilidade - Noblle consultoria\" \/>\n<meta property=\"og:description\" content=\"&nbsp; Projeto de Acessibilidade Fazemos projetos personalizados\u00a0 com toda a seguran\u00e7a e conforme nossas normas, seguimos a id\u00e9ias da Comiss\u00e3o Permanente de Acessibilidade (CPA) que \u00e9 um \u00f3rg\u00e3o colegiado da Prefeitura do Munic\u00edpio de S\u00e3o Paulo vinculado \u00e0 SMPED e composto por representantes de diversas secretarias, \u00f3rg\u00e3os municipais e sociedade civil. Tem papel consultivo e\" \/>\n<meta property=\"og:url\" content=\"http:\/\/noblleconsultoria.com.br\/index.php\/acessibilidade\/\" \/>\n<meta property=\"og:site_name\" content=\"Noblle consultoria\" \/>\n<meta property=\"article:modified_time\" content=\"2017-02-19T20:41:06+00:00\" \/>\n<meta property=\"og:image\" content=\"http:\/\/noblleconsultoria.com.br\/wp-content\/uploads\/2017\/02\/acess.jpg\" \/>\n\t<meta property=\"og:image:width\" content=\"723\" \/>\n\t<meta property=\"og:image:height\" content=\"124\" \/>\n\t<meta property=\"og:image:type\" content=\"image\/jpeg\" \/>\n<meta name=\"twitter:card\" content=\"summary_large_image\" \/>\n<meta name=\"twitter:label1\" content=\"Est. tempo de leitura\" \/>\n\t<meta name=\"twitter:data1\" content=\"1 minuto\" \/>\n<script type=\"application\/ld+json\" class=\"yoast-schema-graph\">{\"@context\":\"https:\/\/schema.org\",\"@graph\":[{\"@type\":\"WebPage\",\"@id\":\"http:\/\/noblleconsultoria.com.br\/index.php\/acessibilidade\/\",\"url\":\"http:\/\/noblleconsultoria.com.br\/index.php\/acessibilidade\/\",\"name\":\"Acessibilidade - Noblle consultoria\",\"isPartOf\":{\"@id\":\"https:\/\/noblleconsultoria.com.br\/#website\"},\"datePublished\":\"2017-02-19T20:39:09+00:00\",\"dateModified\":\"2017-02-19T20:41:06+00:00\",\"breadcrumb\":{\"@id\":\"http:\/\/noblleconsultoria.com.br\/index.php\/acessibilidade\/#breadcrumb\"},\"inLanguage\":\"pt-BR\",\"potentialAction\":[{\"@type\":\"ReadAction\",\"target\":[\"http:\/\/noblleconsultoria.com.br\/index.php\/acessibilidade\/\"]}]},{\"@type\":\"BreadcrumbList\",\"@id\":\"http:\/\/noblleconsultoria.com.br\/index.php\/acessibilidade\/#breadcrumb\",\"itemListElement\":[{\"@type\":\"ListItem\",\"position\":1,\"name\":\"In\u00edcio\",\"item\":\"https:\/\/noblleconsultoria.com.br\/\"},{\"@type\":\"ListItem\",\"position\":2,\"name\":\"Acessibilidade\"}]},{\"@type\":\"WebSite\",\"@id\":\"https:\/\/noblleconsultoria.com.br\/#website\",\"url\":\"https:\/\/noblleconsultoria.com.br\/\",\"name\":\"Noblle consultoria\",\"description\":\"Regulariza\u00e7\u00e3o de im\u00f3vel\",\"publisher\":{\"@id\":\"https:\/\/noblleconsultoria.com.br\/#organization\"},\"potentialAction\":[{\"@type\":\"SearchAction\",\"target\":{\"@type\":\"EntryPoint\",\"urlTemplate\":\"https:\/\/noblleconsultoria.com.br\/?s={search_term_string}\"},\"query-input\":\"required name=search_term_string\"}],\"inLanguage\":\"pt-BR\"},{\"@type\":\"Organization\",\"@id\":\"https:\/\/noblleconsultoria.com.br\/#organization\",\"name\":\"Noblle consultoria\",\"url\":\"https:\/\/noblleconsultoria.com.br\/\",\"logo\":{\"@type\":\"ImageObject\",\"inLanguage\":\"pt-BR\",\"@id\":\"https:\/\/noblleconsultoria.com.br\/#\/schema\/logo\/image\/\",\"url\":\"https:\/\/noblleconsultoria.com.br\/wp-content\/uploads\/2017\/02\/noblle-consultoria.jpg\",\"contentUrl\":\"https:\/\/noblleconsultoria.com.br\/wp-content\/uploads\/2017\/02\/noblle-consultoria.jpg\",\"width\":215,\"height\":121,\"caption\":\"Noblle consultoria\"},\"image\":{\"@id\":\"https:\/\/noblleconsultoria.com.br\/#\/schema\/logo\/image\/\"}}]}<\/script>\n<!-- \/ Yoast SEO plugin. -->","yoast_head_json":{"title":"Acessibilidade - Noblle consultoria","robots":{"index":"index","follow":"follow","max-snippet":"max-snippet:-1","max-image-preview":"max-image-preview:large","max-video-preview":"max-video-preview:-1"},"canonical":"http:\/\/noblleconsultoria.com.br\/index.php\/acessibilidade\/","og_locale":"pt_BR","og_type":"article","og_title":"Acessibilidade - Noblle consultoria","og_description":"&nbsp; Projeto de Acessibilidade Fazemos projetos personalizados\u00a0 com toda a seguran\u00e7a e conforme nossas normas, seguimos a id\u00e9ias da Comiss\u00e3o Permanente de Acessibilidade (CPA) que \u00e9 um \u00f3rg\u00e3o colegiado da Prefeitura do Munic\u00edpio de S\u00e3o Paulo vinculado \u00e0 SMPED e composto por representantes de diversas secretarias, \u00f3rg\u00e3os municipais e sociedade civil. Tem papel consultivo e","og_url":"http:\/\/noblleconsultoria.com.br\/index.php\/acessibilidade\/","og_site_name":"Noblle consultoria","article_modified_time":"2017-02-19T20:41:06+00:00","og_image":[{"width":723,"height":124,"url":"http:\/\/noblleconsultoria.com.br\/wp-content\/uploads\/2017\/02\/acess.jpg","type":"image\/jpeg"}],"twitter_card":"summary_large_image","twitter_misc":{"Est. tempo de leitura":"1 minuto"},"schema":{"@context":"https:\/\/schema.org","@graph":[{"@type":"WebPage","@id":"http:\/\/noblleconsultoria.com.br\/index.php\/acessibilidade\/","url":"http:\/\/noblleconsultoria.com.br\/index.php\/acessibilidade\/","name":"Acessibilidade - Noblle consultoria","isPartOf":{"@id":"https:\/\/noblleconsultoria.com.br\/#website"},"datePublished":"2017-02-19T20:39:09+00:00","dateModified":"2017-02-19T20:41:06+00:00","breadcrumb":{"@id":"http:\/\/noblleconsultoria.com.br\/index.php\/acessibilidade\/#breadcrumb"},"inLanguage":"pt-BR","potentialAction":[{"@type":"ReadAction","target":["http:\/\/noblleconsultoria.com.br\/index.php\/acessibilidade\/"]}]},{"@type":"BreadcrumbList","@id":"http:\/\/noblleconsultoria.com.br\/index.php\/acessibilidade\/#breadcrumb","itemListElement":[{"@type":"ListItem","position":1,"name":"In\u00edcio","item":"https:\/\/noblleconsultoria.com.br\/"},{"@type":"ListItem","position":2,"name":"Acessibilidade"}]},{"@type":"WebSite","@id":"https:\/\/noblleconsultoria.com.br\/#website","url":"https:\/\/noblleconsultoria.com.br\/","name":"Noblle consultoria","description":"Regulariza\u00e7\u00e3o de im\u00f3vel","publisher":{"@id":"https:\/\/noblleconsultoria.com.br\/#organization"},"potentialAction":[{"@type":"SearchAction","target":{"@type":"EntryPoint","urlTemplate":"https:\/\/noblleconsultoria.com.br\/?s={search_term_string}"},"query-input":"required name=search_term_string"}],"inLanguage":"pt-BR"},{"@type":"Organization","@id":"https:\/\/noblleconsultoria.com.br\/#organization","name":"Noblle consultoria","url":"https:\/\/noblleconsultoria.com.br\/","logo":{"@type":"ImageObject","inLanguage":"pt-BR","@id":"https:\/\/noblleconsultoria.com.br\/#\/schema\/logo\/image\/","url":"https:\/\/noblleconsultoria.com.br\/wp-content\/uploads\/2017\/02\/noblle-consultoria.jpg","contentUrl":"https:\/\/noblleconsultoria.com.br\/wp-content\/uploads\/2017\/02\/noblle-consultoria.jpg","width":215,"height":121,"caption":"Noblle consultoria"},"image":{"@id":"https:\/\/noblleconsultoria.com.br\/#\/schema\/logo\/image\/"}}]}},"_links":{"self":[{"href":"https:\/\/noblleconsultoria.com.br\/index.php\/wp-json\/wp\/v2\/pages\/41"}],"collection":[{"href":"https:\/\/noblleconsultoria.com.br\/index.php\/wp-json\/wp\/v2\/pages"}],"about":[{"href":"https:\/\/noblleconsultoria.com.br\/index.php\/wp-json\/wp\/v2\/types\/page"}],"author":[{"embeddable":true,"href":"https:\/\/noblleconsultoria.com.br\/index.php\/wp-json\/wp\/v2\/users\/1"}],"replies":[{"embeddable":true,"href":"https:\/\/noblleconsultoria.com.br\/index.php\/wp-json\/wp\/v2\/comments?post=41"}],"version-history":[{"count":1,"href":"https:\/\/noblleconsultoria.com.br\/index.php\/wp-json\/wp\/v2\/pages\/41\/revisions"}],"predecessor-version":[{"id":42,"href":"https:\/\/noblleconsultoria.com.br\/index.php\/wp-json\/wp\/v2\/pages\/41\/revisions\/42"}],"wp:featuredmedia":[{"embeddable":true,"href":"https:\/\/noblleconsultoria.com.br\/index.php\/wp-json\/wp\/v2\/media\/47"}],"wp:attachment":[{"href":"https:\/\/noblleconsultoria.com.br\/index.php\/wp-json\/wp\/v2\/media?parent=41"}],"curies":[{"name":"wp","href":"https:\/\/api.w.org\/{rel}","templated":true}]}}