{"id":96,"date":"2017-03-09T23:54:20","date_gmt":"2017-03-09T23:54:20","guid":{"rendered":"http:\/\/noblleconsultoria.com.br\/?page_id=96"},"modified":"2017-04-12T19:52:47","modified_gmt":"2017-04-12T19:52:47","slug":"smt-transito","status":"publish","type":"page","link":"https:\/\/noblleconsultoria.com.br\/index.php\/smt-transito\/","title":{"rendered":"SMT Tr\u00e2nsito"},"content":{"rendered":"<h2><\/h2>\n<h2 style=\"text-align: center;\"><span style=\"color: #000000;\"><img decoding=\"async\" loading=\"lazy\" class=\"size-full wp-image-296 aligncenter\" src=\"http:\/\/noblleconsultoria.com.br\/wp-content\/uploads\/2017\/03\/smt-cet.jpg\" alt=\"\" width=\"764\" height=\"219\" srcset=\"https:\/\/noblleconsultoria.com.br\/wp-content\/uploads\/2017\/03\/smt-cet.jpg 764w, https:\/\/noblleconsultoria.com.br\/wp-content\/uploads\/2017\/03\/smt-cet-300x86.jpg 300w\" sizes=\"(max-width: 764px) 100vw, 764px\" \/><\/span><\/h2>\n<h2 style=\"text-align: center;\"><span style=\"color: #000000;\">SMT- Secretaria Municipal de Transportes\/ CET<\/span><\/h2>\n<h2 style=\"text-align: center;\"><span style=\"color: #000000;\">\u00a0<\/span><\/h2>\n<p>&nbsp;<\/p>\n<h2><span style=\"color: #000000;\">Certid\u00e3o de Diretrizes\u00a0 e TRAD<\/span><\/h2>\n<div class=\"m_-768565168569358637m_-5373382293722920630entry-content\">\n<p><span style=\"color: #000000;\">Solicitamos a Certid\u00e3o de Diretrizes\u00a0 e TRAD espec\u00edficos para o seu projeto, garantindo\u00a0e dando praticidade no seu objetivo, trabalhamos com a metodologia de Projeto Arquitet\u00f4nico da edifica\u00e7\u00e3o e Sistema Vi\u00e1rio de Acesso. <\/span><\/p>\n<p><span style=\"color: #000000;\">Seguimos normas e padr\u00f5es da SMT\/CET. Com o objetivo de diminuir o impacto que empreendimentos de grande porte causam sobre o tr\u00e1fego das vias que lhes d\u00e3o acesso. <\/span><\/p>\n<p><span style=\"color: #000000;\">A an\u00e1lise de Polos Geradores de Tr\u00e1fego \u00e9 uma atividade de rotina realizada por SMT\/CET\u00a0.\u00a0\u00a0<\/span><\/p>\n<\/div>\n<div class=\"yj6qo ajU\">\n<div id=\":se\" class=\"ajR\" tabindex=\"0\" data-tooltip=\"Mostrar conte\u00fado cortado\"><img decoding=\"async\" class=\"ajT\" src=\"https:\/\/ssl.gstatic.com\/ui\/v1\/icons\/mail\/images\/cleardot.gif\" \/><\/div>\n<\/div>\n<p><span style=\"color: #000000;\">\u00a0<\/span><\/p>\n<p><a href=\"tel:(11) 9 9897-4181 \">(11) 9 9897-4181\u00a0\u00a0 <img decoding=\"async\" loading=\"lazy\" class=\"alignnone wp-image-299\" src=\"http:\/\/noblleconsultoria.com.br\/wp-content\/uploads\/2017\/03\/whats.png\" alt=\"\" width=\"27\" height=\"27\" srcset=\"https:\/\/noblleconsultoria.com.br\/wp-content\/uploads\/2017\/03\/whats.png 155w, https:\/\/noblleconsultoria.com.br\/wp-content\/uploads\/2017\/03\/whats-150x150.png 150w\" sizes=\"(max-width: 27px) 100vw, 27px\" \/><\/a><\/p>\n","protected":false},"excerpt":{"rendered":"<p>SMT- Secretaria Municipal de Transportes\/ CET \u00a0 &nbsp; Certid\u00e3o de Diretrizes\u00a0 e TRAD Solicitamos a Certid\u00e3o de Diretrizes\u00a0 e TRAD espec\u00edficos para o seu projeto, garantindo\u00a0e dando praticidade no seu objetivo, trabalhamos com a metodologia de Projeto Arquitet\u00f4nico da edifica\u00e7\u00e3o e Sistema Vi\u00e1rio de Acesso. Seguimos normas e padr\u00f5es da SMT\/CET. Com o objetivo de<\/p>\n","protected":false},"author":1,"featured_media":0,"parent":0,"menu_order":0,"comment_status":"closed","ping_status":"closed","template":"","meta":[],"yoast_head":"<!-- This site is optimized with the Yoast SEO plugin v19.11 - https:\/\/yoast.com\/wordpress\/plugins\/seo\/ -->\n<title>SMT Tr\u00e2nsito - Noblle consultoria<\/title>\n<meta name=\"robots\" content=\"index, follow, max-snippet:-1, max-image-preview:large, max-video-preview:-1\" \/>\n<link rel=\"canonical\" href=\"http:\/\/noblleconsultoria.com.br\/index.php\/smt-transito\/\" \/>\n<meta property=\"og:locale\" content=\"pt_BR\" \/>\n<meta property=\"og:type\" content=\"article\" \/>\n<meta property=\"og:title\" content=\"SMT Tr\u00e2nsito - Noblle consultoria\" \/>\n<meta property=\"og:description\" content=\"SMT- Secretaria Municipal de Transportes\/ CET \u00a0 &nbsp; Certid\u00e3o de Diretrizes\u00a0 e TRAD Solicitamos a Certid\u00e3o de Diretrizes\u00a0 e TRAD espec\u00edficos para o seu projeto, garantindo\u00a0e dando praticidade no seu objetivo, trabalhamos com a metodologia de Projeto Arquitet\u00f4nico da edifica\u00e7\u00e3o e Sistema Vi\u00e1rio de Acesso. Seguimos normas e padr\u00f5es da SMT\/CET. Com o objetivo de\" \/>\n<meta property=\"og:url\" content=\"http:\/\/noblleconsultoria.com.br\/index.php\/smt-transito\/\" \/>\n<meta property=\"og:site_name\" content=\"Noblle consultoria\" \/>\n<meta property=\"article:modified_time\" content=\"2017-04-12T19:52:47+00:00\" \/>\n<meta property=\"og:image\" content=\"http:\/\/noblleconsultoria.com.br\/wp-content\/uploads\/2017\/03\/smt-cet.jpg\" \/>\n<meta name=\"twitter:card\" content=\"summary_large_image\" \/>\n<meta name=\"twitter:label1\" content=\"Est. tempo de leitura\" \/>\n\t<meta name=\"twitter:data1\" content=\"1 minuto\" \/>\n<script type=\"application\/ld+json\" class=\"yoast-schema-graph\">{\"@context\":\"https:\/\/schema.org\",\"@graph\":[{\"@type\":\"WebPage\",\"@id\":\"http:\/\/noblleconsultoria.com.br\/index.php\/smt-transito\/\",\"url\":\"http:\/\/noblleconsultoria.com.br\/index.php\/smt-transito\/\",\"name\":\"SMT Tr\u00e2nsito - Noblle consultoria\",\"isPartOf\":{\"@id\":\"https:\/\/noblleconsultoria.com.br\/#website\"},\"datePublished\":\"2017-03-09T23:54:20+00:00\",\"dateModified\":\"2017-04-12T19:52:47+00:00\",\"breadcrumb\":{\"@id\":\"http:\/\/noblleconsultoria.com.br\/index.php\/smt-transito\/#breadcrumb\"},\"inLanguage\":\"pt-BR\",\"potentialAction\":[{\"@type\":\"ReadAction\",\"target\":[\"http:\/\/noblleconsultoria.com.br\/index.php\/smt-transito\/\"]}]},{\"@type\":\"BreadcrumbList\",\"@id\":\"http:\/\/noblleconsultoria.com.br\/index.php\/smt-transito\/#breadcrumb\",\"itemListElement\":[{\"@type\":\"ListItem\",\"position\":1,\"name\":\"In\u00edcio\",\"item\":\"https:\/\/noblleconsultoria.com.br\/\"},{\"@type\":\"ListItem\",\"position\":2,\"name\":\"SMT Tr\u00e2nsito\"}]},{\"@type\":\"WebSite\",\"@id\":\"https:\/\/noblleconsultoria.com.br\/#website\",\"url\":\"https:\/\/noblleconsultoria.com.br\/\",\"name\":\"Noblle consultoria\",\"description\":\"Regulariza\u00e7\u00e3o de im\u00f3vel\",\"publisher\":{\"@id\":\"https:\/\/noblleconsultoria.com.br\/#organization\"},\"potentialAction\":[{\"@type\":\"SearchAction\",\"target\":{\"@type\":\"EntryPoint\",\"urlTemplate\":\"https:\/\/noblleconsultoria.com.br\/?s={search_term_string}\"},\"query-input\":\"required name=search_term_string\"}],\"inLanguage\":\"pt-BR\"},{\"@type\":\"Organization\",\"@id\":\"https:\/\/noblleconsultoria.com.br\/#organization\",\"name\":\"Noblle consultoria\",\"url\":\"https:\/\/noblleconsultoria.com.br\/\",\"logo\":{\"@type\":\"ImageObject\",\"inLanguage\":\"pt-BR\",\"@id\":\"https:\/\/noblleconsultoria.com.br\/#\/schema\/logo\/image\/\",\"url\":\"https:\/\/noblleconsultoria.com.br\/wp-content\/uploads\/2017\/02\/noblle-consultoria.jpg\",\"contentUrl\":\"https:\/\/noblleconsultoria.com.br\/wp-content\/uploads\/2017\/02\/noblle-consultoria.jpg\",\"width\":215,\"height\":121,\"caption\":\"Noblle consultoria\"},\"image\":{\"@id\":\"https:\/\/noblleconsultoria.com.br\/#\/schema\/logo\/image\/\"}}]}<\/script>\n<!-- \/ Yoast SEO plugin. -->","yoast_head_json":{"title":"SMT Tr\u00e2nsito - Noblle consultoria","robots":{"index":"index","follow":"follow","max-snippet":"max-snippet:-1","max-image-preview":"max-image-preview:large","max-video-preview":"max-video-preview:-1"},"canonical":"http:\/\/noblleconsultoria.com.br\/index.php\/smt-transito\/","og_locale":"pt_BR","og_type":"article","og_title":"SMT Tr\u00e2nsito - Noblle consultoria","og_description":"SMT- Secretaria Municipal de Transportes\/ CET \u00a0 &nbsp; Certid\u00e3o de Diretrizes\u00a0 e TRAD Solicitamos a Certid\u00e3o de Diretrizes\u00a0 e TRAD espec\u00edficos para o seu projeto, garantindo\u00a0e dando praticidade no seu objetivo, trabalhamos com a metodologia de Projeto Arquitet\u00f4nico da edifica\u00e7\u00e3o e Sistema Vi\u00e1rio de Acesso. Seguimos normas e padr\u00f5es da SMT\/CET. Com o objetivo de","og_url":"http:\/\/noblleconsultoria.com.br\/index.php\/smt-transito\/","og_site_name":"Noblle consultoria","article_modified_time":"2017-04-12T19:52:47+00:00","og_image":[{"url":"http:\/\/noblleconsultoria.com.br\/wp-content\/uploads\/2017\/03\/smt-cet.jpg"}],"twitter_card":"summary_large_image","twitter_misc":{"Est. tempo de leitura":"1 minuto"},"schema":{"@context":"https:\/\/schema.org","@graph":[{"@type":"WebPage","@id":"http:\/\/noblleconsultoria.com.br\/index.php\/smt-transito\/","url":"http:\/\/noblleconsultoria.com.br\/index.php\/smt-transito\/","name":"SMT Tr\u00e2nsito - Noblle consultoria","isPartOf":{"@id":"https:\/\/noblleconsultoria.com.br\/#website"},"datePublished":"2017-03-09T23:54:20+00:00","dateModified":"2017-04-12T19:52:47+00:00","breadcrumb":{"@id":"http:\/\/noblleconsultoria.com.br\/index.php\/smt-transito\/#breadcrumb"},"inLanguage":"pt-BR","potentialAction":[{"@type":"ReadAction","target":["http:\/\/noblleconsultoria.com.br\/index.php\/smt-transito\/"]}]},{"@type":"BreadcrumbList","@id":"http:\/\/noblleconsultoria.com.br\/index.php\/smt-transito\/#breadcrumb","itemListElement":[{"@type":"ListItem","position":1,"name":"In\u00edcio","item":"https:\/\/noblleconsultoria.com.br\/"},{"@type":"ListItem","position":2,"name":"SMT Tr\u00e2nsito"}]},{"@type":"WebSite","@id":"https:\/\/noblleconsultoria.com.br\/#website","url":"https:\/\/noblleconsultoria.com.br\/","name":"Noblle consultoria","description":"Regulariza\u00e7\u00e3o de im\u00f3vel","publisher":{"@id":"https:\/\/noblleconsultoria.com.br\/#organization"},"potentialAction":[{"@type":"SearchAction","target":{"@type":"EntryPoint","urlTemplate":"https:\/\/noblleconsultoria.com.br\/?s={search_term_string}"},"query-input":"required name=search_term_string"}],"inLanguage":"pt-BR"},{"@type":"Organization","@id":"https:\/\/noblleconsultoria.com.br\/#organization","name":"Noblle consultoria","url":"https:\/\/noblleconsultoria.com.br\/","logo":{"@type":"ImageObject","inLanguage":"pt-BR","@id":"https:\/\/noblleconsultoria.com.br\/#\/schema\/logo\/image\/","url":"https:\/\/noblleconsultoria.com.br\/wp-content\/uploads\/2017\/02\/noblle-consultoria.jpg","contentUrl":"https:\/\/noblleconsultoria.com.br\/wp-content\/uploads\/2017\/02\/noblle-consultoria.jpg","width":215,"height":121,"caption":"Noblle consultoria"},"image":{"@id":"https:\/\/noblleconsultoria.com.br\/#\/schema\/logo\/image\/"}}]}},"_links":{"self":[{"href":"https:\/\/noblleconsultoria.com.br\/index.php\/wp-json\/wp\/v2\/pages\/96"}],"collection":[{"href":"https:\/\/noblleconsultoria.com.br\/index.php\/wp-json\/wp\/v2\/pages"}],"about":[{"href":"https:\/\/noblleconsultoria.com.br\/index.php\/wp-json\/wp\/v2\/types\/page"}],"author":[{"embeddable":true,"href":"https:\/\/noblleconsultoria.com.br\/index.php\/wp-json\/wp\/v2\/users\/1"}],"replies":[{"embeddable":true,"href":"https:\/\/noblleconsultoria.com.br\/index.php\/wp-json\/wp\/v2\/comments?post=96"}],"version-history":[{"count":8,"href":"https:\/\/noblleconsultoria.com.br\/index.php\/wp-json\/wp\/v2\/pages\/96\/revisions"}],"predecessor-version":[{"id":303,"href":"https:\/\/noblleconsultoria.com.br\/index.php\/wp-json\/wp\/v2\/pages\/96\/revisions\/303"}],"wp:attachment":[{"href":"https:\/\/noblleconsultoria.com.br\/index.php\/wp-json\/wp\/v2\/media?parent=96"}],"curies":[{"name":"wp","href":"https:\/\/api.w.org\/{rel}","templated":true}]}}